{"id":60317,"date":"2025-07-31T21:32:31","date_gmt":"2025-07-31T20:32:31","guid":{"rendered":"https:\/\/pracek.si\/racunalniskatrgovina\/?post_type=product&#038;p=60317"},"modified":"2025-07-31T21:36:45","modified_gmt":"2025-07-31T20:36:45","slug":"vrata-vrat-latitude-rugged-e7214-hdmi-usb-originalen-nadomestni-del-za-prenosnik","status":"publish","type":"product","link":"https:\/\/pracek.si\/racunalniskatrgovina\/izdelek\/vrata-vrat-latitude-rugged-e7214-hdmi-usb-originalen-nadomestni-del-za-prenosnik\/","title":{"rendered":"Vrata vrat Latitude Rugged E7214 HDMI &#038; USB \u2013 originalen nadomestni del za prenosnik"},"content":{"rendered":"<p class=\"\" data-start=\"306\" data-end=\"533\">Zamenjajte po\u0161kodovana ali manjkajo\u010da <strong data-start=\"338\" data-end=\"364\">vrata vrat HDMI in USB<\/strong> s tem <strong data-start=\"375\" data-end=\"413\">pristnim delom Latitude Rugged E7214<\/strong>. Popolno prileganje za brezhibno za\u0161\u010dito vrat va\u0161ega prenosnika. <strong data-start=\"477\" data-end=\"533\">Vklju\u010dene so prave fotografije \u2013 dobite to\u010dno to, kar vidite!<\/strong><\/p>\n","protected":false},"excerpt":{"rendered":"<p class=\"\" data-start=\"614\" data-end=\"876\">Povrnite svoj prenosnik <strong data-start=\"627\" data-end=\"652\">Latitude Rugged E7214<\/strong> v prvotno stanje s tem <strong data-start=\"696\" data-end=\"730\">pristnim nadomestkom vrat HDMI in USB<\/strong>. \u010ce je va\u0161 trenutni pokrov vrat po\u010den ali manjka, ta trpe\u017eni del poskrbi, da so va\u0161a vrata za\u0161\u010ditena in da je va\u0161a naprava videti kot nova.<\/p>\n<p class=\"\" data-start=\"878\" data-end=\"1313\">\ud83d\udd39 <strong data-start=\"881\" data-end=\"898\">Klju\u010dne lastnosti:<\/strong><br data-start=\"898\" data-end=\"901\" \/>\u2714 <strong data-start=\"903\" data-end=\"941\">Genuine Latitude Rugged E7214 Del<\/strong> \u2013 Originalna, visokokakovostna zamenjava<br data-start=\"978\" data-end=\"981\" \/>\u2714 <strong data-start=\"983\" data-end=\"998\">Popolno prileganje<\/strong> \u2013 Zasnovan posebej za <strong data-start=\"1031\" data-end=\"1056\">Latitude E7214 Rugged<\/strong><br data-start=\"1056\" data-end=\"1059\" \/>\u2714 <strong data-start=\"1061\" data-end=\"1093\">Trajna plasti\u010dna konstrukcija<\/strong> \u2013 \u0160\u010diti va\u0161a vrata HDMI in USB pred prahom in po\u0161kodbami<br data-start=\"1149\" data-end=\"1152\" \/>\u2714 <strong data-start=\"1154\" data-end=\"1175\">Enostavna namestitev<\/strong> \u2013 Preprosto namestite pokrov na mesto, da zavarujete svoja vrata<br data-start=\"1231\" data-end=\"1234\" \/>\u2714 <strong data-start=\"1236\" data-end=\"1251\">Prave fotografije<\/strong> \u2013 Kar vidite na slikah, je to\u010dno to, kar boste prejeli<\/p>\n<p class=\"\" data-start=\"1315\" data-end=\"1338\">\ud83d\udca1 <strong data-start=\"1318\" data-end=\"1336\">Zdru\u017eljivost:<\/strong><\/p>\n<ul data-start=\"1339\" data-end=\"1475\">\n<li class=\"\" data-start=\"1339\" data-end=\"1389\">\n<p class=\"\" data-start=\"1341\" data-end=\"1389\">Zdru\u017eljivo z <strong data-start=\"1357\" data-end=\"1387\">Dell Latitude Rugged E7214<\/strong><\/p>\n<\/li>\n<li class=\"\" data-start=\"1390\" data-end=\"1475\">\n<p class=\"\" data-start=\"1392\" data-end=\"1475\">Popoln za zamenjavo <strong data-start=\"1418\" data-end=\"1444\">vrata vrat HDMI in USB<\/strong>, ki \u0161\u010diti kriti\u010dna vrata<\/p>\n<\/li>\n<\/ul>\n<p class=\"\" data-start=\"1477\" data-end=\"1614\">\ud83d\udcf8 <strong data-start=\"1480\" data-end=\"1496\">Prave fotografije:<\/strong> Fotografije na seznamu predstavljajo dejanski <strong data-start=\"1544\" data-end=\"1569\">Latitude Rugged E7214<\/strong> <strong data-start=\"1570\" data-end=\"1583\">vratna vrata<\/strong> boste prejeli \u2013 brez presene\u010denj!<\/p>\n<p class=\"\" data-start=\"1616\" data-end=\"1742\">\u2753 <strong data-start=\"1618\" data-end=\"1632\">Potrebujete pomo\u010d?<\/strong> Ne nudimo podrobnih navodil za namestitev, \u010de pa potrebujete navodila, <strong data-start=\"1725\" data-end=\"1739\">nam po\u0161ljite sporo\u010dilo<\/strong>!<\/p>\n<p class=\"\" data-start=\"1744\" data-end=\"1844\">\ud83d\udce6 <strong data-start=\"1747\" data-end=\"1775\">Hitra dostava po vsem svetu!<\/strong> Poskrbite, da bo va\u0161 prenosnik spet v vrhunski formi s temi <strong data-start=\"1820\" data-end=\"1841\">pristnimi vrati<\/strong>.<\/p>\n","protected":false},"featured_media":50758,"template":"","meta":[],"product_brand":[],"product_cat":[2051],"product_tag":[2052,1818],"class_list":{"0":"post-60317","1":"product","2":"type-product","3":"status-publish","4":"has-post-thumbnail","6":"product_cat-ohisje-prenosnika","7":"product_tag-dell","8":"product_tag-rezervni-deli","10":"first","11":"instock","12":"taxable","13":"shipping-taxable","14":"purchasable","15":"product-type-simple"},"_links":{"self":[{"href":"https:\/\/pracek.si\/racunalniskatrgovina\/wp-json\/wp\/v2\/product\/60317","targetHints":{"allow":["GET"]}}],"collection":[{"href":"https:\/\/pracek.si\/racunalniskatrgovina\/wp-json\/wp\/v2\/product"}],"about":[{"href":"https:\/\/pracek.si\/racunalniskatrgovina\/wp-json\/wp\/v2\/types\/product"}],"version-history":[{"count":0,"href":"https:\/\/pracek.si\/racunalniskatrgovina\/wp-json\/wp\/v2\/product\/60317\/revisions"}],"wp:featuredmedia":[{"embeddable":true,"href":"https:\/\/pracek.si\/racunalniskatrgovina\/wp-json\/wp\/v2\/media\/50758"}],"wp:attachment":[{"href":"https:\/\/pracek.si\/racunalniskatrgovina\/wp-json\/wp\/v2\/media?parent=60317"}],"wp:term":[{"taxonomy":"product_brand","embeddable":true,"href":"https:\/\/pracek.si\/racunalniskatrgovina\/wp-json\/wp\/v2\/product_brand?post=60317"},{"taxonomy":"product_cat","embeddable":true,"href":"https:\/\/pracek.si\/racunalniskatrgovina\/wp-json\/wp\/v2\/product_cat?post=60317"},{"taxonomy":"product_tag","embeddable":true,"href":"https:\/\/pracek.si\/racunalniskatrgovina\/wp-json\/wp\/v2\/product_tag?post=60317"}],"curies":[{"name":"wp","href":"https:\/\/api.w.org\/{rel}","templated":true}]}}