{"id":60339,"date":"2025-07-31T21:34:26","date_gmt":"2025-07-31T20:34:26","guid":{"rendered":"https:\/\/pracek.si\/racunalniskatrgovina\/?post_type=product&#038;p=60339"},"modified":"2026-02-08T16:11:06","modified_gmt":"2026-02-08T15:11:06","slug":"dell-latitude-7214-connector-board-ama01-78h0r-oem-rabljen-del-prenosnika-dell","status":"publish","type":"product","link":"https:\/\/pracek.si\/racunalniskatrgovina\/izdelek\/dell-latitude-7214-connector-board-ama01-78h0r-oem-rabljen-del-prenosnika-dell\/","title":{"rendered":"Dell Latitude 7214 Connector Board AMA01 78H0R OEM rabljen del prenosnika Dell"},"content":{"rendered":"<p>Rabljena priklju\u010dna plo\u0161\u010da Dell OEM za Latitude 7214 Rugged. Vklju\u010duje \u0161tevilke delov AMA01, 1414-0ADV000, 78H0R in 078H0R. Popolnoma testiran del prenosnika Dell.<\/p>\n","protected":false},"excerpt":{"rendered":"<p class=\"\" data-start=\"430\" data-end=\"685\">To je <strong data-start=\"440\" data-end=\"479\">rabljena, originalna priklju\u010dna plo\u0161\u010da Dell<\/strong> za prenosni ra\u010dunalnik <strong data-start=\"488\" data-end=\"512\">Latitude 7214 Rugged<\/strong>. Zdru\u017eljivo z ve\u010d \u0161tevilkami delov: <strong data-start=\"560\" data-end=\"569\">AMA01<\/strong>, <strong data-start=\"571\" data-end=\"587\">1414-0ADV000<\/strong>, <strong data-start=\"589\" data-end=\"598\">78H0R<\/strong> in <strong data-start=\"604\" data-end=\"614\">078H0R<\/strong>. Popolnoma testiran in pripravljen za zamenjavo okvarjenih ali po\u0161kodovanih povezovalnih plo\u0161\u010d.<\/p>\n<p class=\"\" data-start=\"687\" data-end=\"711\">\u2705 <strong data-start=\"689\" data-end=\"709\">Zdru\u017eljivo z:<\/strong><\/p>\n<ul data-start=\"712\" data-end=\"739\">\n<li class=\"\" data-start=\"712\" data-end=\"739\">\n<p class=\"\" data-start=\"714\" data-end=\"739\">Dell Latitude 7214 Rugged<\/p>\n<\/li>\n<\/ul>\n<p class=\"\" data-start=\"741\" data-end=\"762\">\u2705 <strong data-start=\"743\" data-end=\"760\">\u0160tevilke delov:<\/strong><\/p>\n<ul data-start=\"763\" data-end=\"806\">\n<li class=\"\" data-start=\"763\" data-end=\"772\">\n<p class=\"\" data-start=\"765\" data-end=\"772\">AMA01<\/p>\n<\/li>\n<li class=\"\" data-start=\"773\" data-end=\"789\">\n<p class=\"\" data-start=\"775\" data-end=\"789\">1414-0ADV000<\/p>\n<\/li>\n<li class=\"\" data-start=\"790\" data-end=\"806\">\n<p class=\"\" data-start=\"792\" data-end=\"806\">78H0R \/ 078H0R<\/p>\n<\/li>\n<\/ul>\n<p class=\"\" data-start=\"808\" data-end=\"829\">\u2705 <strong data-start=\"810\" data-end=\"827\">Klju\u010dne lastnosti:<\/strong><\/p>\n<ul data-start=\"830\" data-end=\"1031\">\n<li class=\"\" data-start=\"830\" data-end=\"858\">\n<p class=\"\" data-start=\"832\" data-end=\"858\">Originalni del prenosnika Dell<\/p>\n<\/li>\n<li class=\"\" data-start=\"859\" data-end=\"911\">\n<p class=\"\" data-start=\"861\" data-end=\"911\">Rabljeno in testirano \u2013 v odli\u010dnem delovnem stanju<\/p>\n<\/li>\n<li class=\"\" data-start=\"912\" data-end=\"952\">\n<p class=\"\" data-start=\"914\" data-end=\"952\">Zagotavlja pravilno notranjo povezljivost<\/p>\n<\/li>\n<li class=\"\" data-start=\"953\" data-end=\"1003\">\n<p class=\"\" data-start=\"955\" data-end=\"1003\">Idealen za profesionalna popravila in vzdr\u017eevanje<\/p>\n<\/li>\n<li class=\"\" data-start=\"1004\" data-end=\"1031\">\n<p class=\"\" data-start=\"1006\" data-end=\"1031\">Hitro po\u0161iljanje iz Evrope<\/p>\n<\/li>\n<\/ul>\n<p class=\"\" data-start=\"1033\" data-end=\"1121\">Popoln za tehnike in strokovnjake za popravila, ki i\u0161\u010dejo zanesljive <strong data-start=\"1099\" data-end=\"1120\">dele prenosnikov Dell<\/strong>.<\/p>\n","protected":false},"featured_media":50791,"template":"","meta":[],"product_brand":[],"product_cat":[2062],"product_tag":[2052,1818],"class_list":{"0":"post-60339","1":"product","2":"type-product","3":"status-publish","4":"has-post-thumbnail","6":"product_cat-maticne-plosce-in-deli-plosc","7":"product_tag-dell","8":"product_tag-rezervni-deli","10":"first","11":"instock","12":"taxable","13":"shipping-taxable","14":"purchasable","15":"product-type-simple"},"_links":{"self":[{"href":"https:\/\/pracek.si\/racunalniskatrgovina\/wp-json\/wp\/v2\/product\/60339","targetHints":{"allow":["GET"]}}],"collection":[{"href":"https:\/\/pracek.si\/racunalniskatrgovina\/wp-json\/wp\/v2\/product"}],"about":[{"href":"https:\/\/pracek.si\/racunalniskatrgovina\/wp-json\/wp\/v2\/types\/product"}],"version-history":[{"count":0,"href":"https:\/\/pracek.si\/racunalniskatrgovina\/wp-json\/wp\/v2\/product\/60339\/revisions"}],"wp:featuredmedia":[{"embeddable":true,"href":"https:\/\/pracek.si\/racunalniskatrgovina\/wp-json\/wp\/v2\/media\/50791"}],"wp:attachment":[{"href":"https:\/\/pracek.si\/racunalniskatrgovina\/wp-json\/wp\/v2\/media?parent=60339"}],"wp:term":[{"taxonomy":"product_brand","embeddable":true,"href":"https:\/\/pracek.si\/racunalniskatrgovina\/wp-json\/wp\/v2\/product_brand?post=60339"},{"taxonomy":"product_cat","embeddable":true,"href":"https:\/\/pracek.si\/racunalniskatrgovina\/wp-json\/wp\/v2\/product_cat?post=60339"},{"taxonomy":"product_tag","embeddable":true,"href":"https:\/\/pracek.si\/racunalniskatrgovina\/wp-json\/wp\/v2\/product_tag?post=60339"}],"curies":[{"name":"wp","href":"https:\/\/api.w.org\/{rel}","templated":true}]}}