{"id":60726,"date":"2025-07-31T22:06:39","date_gmt":"2025-07-31T21:06:39","guid":{"rendered":"https:\/\/pracek.si\/racunalniskatrgovina\/?post_type=product&#038;p=60726"},"modified":"2025-07-31T22:11:04","modified_gmt":"2025-07-31T21:11:04","slug":"lenovo-ideapad-3-15iil05-lcd-okvir-sprednji-okvir-originalnega-prenosnika-nadomestni-del","status":"publish","type":"product","link":"https:\/\/pracek.si\/racunalniskatrgovina\/izdelek\/lenovo-ideapad-3-15iil05-lcd-okvir-sprednji-okvir-originalnega-prenosnika-nadomestni-del\/","title":{"rendered":"Lenovo IdeaPad 3 15IIL05 LCD okvir | Sprednji okvir originalnega prenosnika | Nadomestni del"},"content":{"rendered":"<p>Nadgradite svoj Lenovo IdeaPad 3 15IIL05 s tem <strong data-start=\"344\" data-end=\"365\">originalnim okvirjem LCD<\/strong>. Kot nala\u0161\u010d za zamenjavo po\u0161kodovanega ali obrabljenega sprednjega okvirja, ta visokokakovosten del zagotavlja tesno prileganje in eleganten videz. <strong data-start=\"484\" data-end=\"529\">Prave fotografije \u2013 kar vidite, to dobite!<\/strong><\/p>\n","protected":false},"excerpt":{"rendered":"<p class=\"\" data-start=\"585\" data-end=\"652\"><strong data-start=\"585\" data-end=\"650\">Lenovo IdeaPad 3 15IIL05 81we LCD Bezel \u2013 Originalni nadomestni del<\/strong><\/p>\n<p class=\"\" data-start=\"654\" data-end=\"986\">I\u0161\u010dete <strong data-start=\"668\" data-end=\"693\">nadomestni okvir LCD<\/strong> za va\u0161 <strong data-start=\"703\" data-end=\"731\">Lenovo IdeaPad 3 15IIL05<\/strong>? Ta <strong data-start=\"738\" data-end=\"763\">pristen sprednji okvir<\/strong> je odli\u010dna re\u0161itev za povrnitev zaslona va\u0161ega prenosnika v prvotno stanje. Ne glede na to, ali je va\u0161 obstoje\u010di okvir po\u010den, opraskan ali zrahljan, ta del zagotavlja <strong data-start=\"932\" data-end=\"946\">varno prileganje<\/strong> in <strong data-start=\"953\" data-end=\"983\">\u010dist, profesionalen zaklju\u010dek<\/strong>.<\/p>\n<h3 class=\"\" data-start=\"988\" data-end=\"1011\"><strong data-start=\"992\" data-end=\"1009\">Klju\u010dne lastnosti:<\/strong><\/h3>\n<p class=\"\" data-start=\"1012\" data-end=\"1373\">\u2714\ufe0f <strong data-start=\"1015\" data-end=\"1035\">Zdru\u017eljiv model<\/strong>: Lenovo IdeaPad 3 15IIL05<br data-start=\"1061\" data-end=\"1064\" \/>\u2714\ufe0f <strong data-start=\"1067\" data-end=\"1090\">Prava zamenjava<\/strong>: visokokakovostna, trpe\u017ena konstrukcija<br data-start=\"1126\" data-end=\"1129\" \/>\u2714\ufe0f <strong data-start=\"1132\" data-end=\"1147\">Popolno prileganje<\/strong>: zasnovano posebej za ta model, ki zagotavlja enostavno namestitev<br data-start=\"1213\" data-end=\"1216\" \/>\u2714\ufe0f <strong data-start=\"1219\" data-end=\"1245\">Estetika &amp; Funkcionalnost<\/strong>: Izbolj\u0161a videz prenosnika in hkrati za\u0161\u010diti zaslon<br data-start=\"1305\" data-end=\"1308\" \/>\u2714\ufe0f <strong data-start=\"1311\" data-end=\"1326\">Prave fotografije<\/strong>: Kar vidite, je to\u010dno to, kar boste prejeli<\/p>\n<p class=\"\" data-start=\"1375\" data-end=\"1523\">\ud83d\udd39 <strong data-start=\"1378\" data-end=\"1398\">Potrebujete pomo\u010d?<\/strong> \u010ceprav ne ponujamo navodil za namestitev po korakih, vam z veseljem odgovorimo na vsa vpra\u0161anja \u2013 preprosto nam po\u0161ljite sporo\u010dilo!<\/p>\n<p class=\"\" data-start=\"1525\" data-end=\"1649\">\ud83d\udce6 <strong data-start=\"1528\" data-end=\"1560\">Na voljo je dostava po vsem svetu<\/strong>: Po\u0161iljamo po <strong data-start=\"1577\" data-end=\"1600\">Evropi in po svetu<\/strong> z varno embala\u017eo, ki zagotavlja varno dostavo.<\/p>\n<p class=\"\" data-start=\"1651\" data-end=\"1729\"><strong data-start=\"1651\" data-end=\"1727\">Nadgradite svoj Lenovo IdeaPad 3 15IIL05 s tem kakovostnim okvirjem LCD \u0161e danes!<\/strong><\/p>\n","protected":false},"featured_media":51434,"template":"","meta":[],"product_brand":[],"product_cat":[2051],"product_tag":[2061,1818],"class_list":{"0":"post-60726","1":"product","2":"type-product","3":"status-publish","4":"has-post-thumbnail","6":"product_cat-ohisje-prenosnika","7":"product_tag-lenovo","8":"product_tag-rezervni-deli","10":"first","11":"instock","12":"taxable","13":"shipping-taxable","14":"purchasable","15":"product-type-simple"},"_links":{"self":[{"href":"https:\/\/pracek.si\/racunalniskatrgovina\/wp-json\/wp\/v2\/product\/60726","targetHints":{"allow":["GET"]}}],"collection":[{"href":"https:\/\/pracek.si\/racunalniskatrgovina\/wp-json\/wp\/v2\/product"}],"about":[{"href":"https:\/\/pracek.si\/racunalniskatrgovina\/wp-json\/wp\/v2\/types\/product"}],"version-history":[{"count":0,"href":"https:\/\/pracek.si\/racunalniskatrgovina\/wp-json\/wp\/v2\/product\/60726\/revisions"}],"wp:featuredmedia":[{"embeddable":true,"href":"https:\/\/pracek.si\/racunalniskatrgovina\/wp-json\/wp\/v2\/media\/51434"}],"wp:attachment":[{"href":"https:\/\/pracek.si\/racunalniskatrgovina\/wp-json\/wp\/v2\/media?parent=60726"}],"wp:term":[{"taxonomy":"product_brand","embeddable":true,"href":"https:\/\/pracek.si\/racunalniskatrgovina\/wp-json\/wp\/v2\/product_brand?post=60726"},{"taxonomy":"product_cat","embeddable":true,"href":"https:\/\/pracek.si\/racunalniskatrgovina\/wp-json\/wp\/v2\/product_cat?post=60726"},{"taxonomy":"product_tag","embeddable":true,"href":"https:\/\/pracek.si\/racunalniskatrgovina\/wp-json\/wp\/v2\/product_tag?post=60726"}],"curies":[{"name":"wp","href":"https:\/\/api.w.org\/{rel}","templated":true}]}}