{"id":67478,"date":"2026-04-04T10:06:41","date_gmt":"2026-04-04T09:06:41","guid":{"rendered":"https:\/\/pracek.si\/racunalniskatrgovina\/izdelek\/prenosnik-hp-elitebook-830-g11-wwan-u7-165u-ultra-7-ram-16-gb-ssd-disk-133%e2%80%b3-wuxga\/"},"modified":"2026-04-04T10:06:43","modified_gmt":"2026-04-04T09:06:43","slug":"prenosnik-hp-elitebook-830-g11-wwan-u7-165u-ultra-7-ram-16-gb-ssd-disk-133%e2%80%b3-wuxga","status":"publish","type":"product","link":"https:\/\/pracek.si\/racunalniskatrgovina\/izdelek\/prenosnik-hp-elitebook-830-g11-wwan-u7-165u-ultra-7-ram-16-gb-ssd-disk-133%e2%80%b3-wuxga\/","title":{"rendered":"Prenosnik HP EliteBook 830 G11 WWAN | U7-165U \/ Ultra 7 \/ RAM 16 GB \/ SSD Disk \/ 13,3\u2033 WUXGA"},"content":{"rendered":"<p>HP EliteBook 830 G11 WWAN je eleganten in zmogljiv prenosnik, oblikovan za tiste, ki potrebujejo <b>prenosljivost<\/b>, <b>mo\u010d<\/b> in <b>zanesljivost<\/b> v eni napravi. Z zaslonom velikosti 13,3 palcev in lo\u010dljivostjo WUXGA prina\u0161a jasne in \u017eive slike, zaradi matiranega zaslona pa tudi zmanj\u0161uje ble\u0161\u010danje v svetlih okoljih. Opremljen je s hitro NVMe tehnologijo, ki zagotavlja <b>izjemno hitrost prenosa podatkov<\/b>.<\/p>\n<p><H2>Najve\u010dje prednosti<\/H2><br \/>\n<ul><br \/>\n  <li>Kompaktna oblika z lahkim ohi\u0161jem za enostavno prena\u0161anje.<\/li><br \/>\n  <li>\u0160iroke mo\u017enosti povezljivosti s priklju\u010dki Thunderbolt 4, HDMI 2.1, in Wi-Fi 6E.<\/li><br \/>\n  <li>Mo\u010dna zmogljivost z integrirano grafiko za podporo zahtevnej\u0161im aplikacijam.<\/li><br \/>\n  <li>Vgrajen WWAN za povezavo tudi izven dometa tradicionalnih Wi-Fi omre\u017eij.<\/li><br \/>\n<\/ul><\/p>\n<p><H2>Kdo kupuje ta izdelek<\/H2><br \/>\nHP EliteBook 830 G11 je idealen za poslovne uporabnike, ki potrebujejo zanesljivega sopotnika za delo na poti, pa tudi za \u0161tudente, ki cenijo ravnovesje med zmogljivostjo in mobilnostjo. Prav tako je odli\u010dna izbira za vodilne delavce, ki potrebujejo stabilen in hitri sistem za izvajanje ve\u010dopravilnosti.<\/p>\n<p><H2>Mo\u017enosti nadgradnje<\/H2><br \/>\nPrenosnik omogo\u010da nadgradnje <b>pomnilnika<\/b> in <b>diskovne kapacitete<\/b>, kar zagotavlja, da lahko napravo prilagodite svojim potrebam v prihodnosti. Pred izvedbo nadgradnje se vedno posvetujte s strokovnjakom.<\/p>\n<p><H2>Zakaj izbrati obnovljeno napravo<\/H2><br \/>\nNakup obnovljene naprave ne pomeni le prihranek v ceni, temve\u010d tudi odgovorno izbiro do okolja. Vsaka naprava je prestala <b>strokovno obnovo<\/b> v skladu s standardiziranim sistemom kakovostnih ocen, kar zagotavlja, da dobite izdelek, ki je po kakovosti primerljiv z novimi. Tako prispevate k manj\u0161i proizvodnji odpadkov in ohranitvi virov, obenem pa izkoristite izjemno vrednost ponudbe.<h2>Odprta embala\u017ea<\/h2>&#13;<br \/>\n<p>Skoraj nobenih znakov obrabe. Tovarni\u0161ka kvaliteta. V ve\u010dini primerov gre za prese\u017eek proizvodnje in neprodane zaloge, pri katerih razlike v primerjavi z novimi napravami niso opazne.<\/p>&#13;<\/p>\n","protected":false},"excerpt":{"rendered":"<p>Intel Core Ultra 7\u00a0156U (1,7\u00a0GHz), 16\u00a0GB DDR5x-7500, 35,6 cm\u00a0(13,3&#8243;) WUXGA (1920&#215;1200)\u00a0AG LED, SSD 512\u00a0GB M.2 PCIe NVMe, Intel Graphics (IGP), HDMI 2.1, 2x Thunderbolt 4 (USB-C\/DisplayPort &#8211; 40Gpbs), 2x USB-A 3.2 Gen1 (5Gbps),\u00a0Wi-Fi 6E AX211, Bluetooth 5.3, HP 4000 4G WWAN,\u00a0Webcam, Backlit kbd., Microsoft\u00a0Windows 11 Pro (64-bit)<\/p>\n","protected":false},"featured_media":67480,"template":"","meta":[],"product_brand":[26],"product_cat":[1296,1204,1964,1959,1286],"product_tag":[1811],"class_list":{"0":"post-67478","1":"product","2":"type-product","3":"status-publish","4":"has-post-thumbnail","6":"product_brand-hewlett-packard","7":"product_cat-hp-prenosniki","8":"product_cat-prenosniki","9":"product_cat-prenosniki-ultrabook","10":"product_cat-prenosniki-za-poslovno-uporabo","11":"product_cat-priljubljena-iskanja","12":"product_tag-pp","13":"pa_odgovorna-oseba-v-eu-hp-tehnicna-regulativna-ekipa","15":"first","16":"instock","17":"taxable","18":"shipping-taxable","19":"purchasable","20":"product-type-simple"},"_links":{"self":[{"href":"https:\/\/pracek.si\/racunalniskatrgovina\/wp-json\/wp\/v2\/product\/67478","targetHints":{"allow":["GET"]}}],"collection":[{"href":"https:\/\/pracek.si\/racunalniskatrgovina\/wp-json\/wp\/v2\/product"}],"about":[{"href":"https:\/\/pracek.si\/racunalniskatrgovina\/wp-json\/wp\/v2\/types\/product"}],"version-history":[{"count":1,"href":"https:\/\/pracek.si\/racunalniskatrgovina\/wp-json\/wp\/v2\/product\/67478\/revisions"}],"predecessor-version":[{"id":91761,"href":"https:\/\/pracek.si\/racunalniskatrgovina\/wp-json\/wp\/v2\/product\/67478\/revisions\/91761"}],"wp:featuredmedia":[{"embeddable":true,"href":"https:\/\/pracek.si\/racunalniskatrgovina\/wp-json\/wp\/v2\/media\/67480"}],"wp:attachment":[{"href":"https:\/\/pracek.si\/racunalniskatrgovina\/wp-json\/wp\/v2\/media?parent=67478"}],"wp:term":[{"taxonomy":"product_brand","embeddable":true,"href":"https:\/\/pracek.si\/racunalniskatrgovina\/wp-json\/wp\/v2\/product_brand?post=67478"},{"taxonomy":"product_cat","embeddable":true,"href":"https:\/\/pracek.si\/racunalniskatrgovina\/wp-json\/wp\/v2\/product_cat?post=67478"},{"taxonomy":"product_tag","embeddable":true,"href":"https:\/\/pracek.si\/racunalniskatrgovina\/wp-json\/wp\/v2\/product_tag?post=67478"}],"curies":[{"name":"wp","href":"https:\/\/api.w.org\/{rel}","templated":true}]}}