{"id":73353,"date":"2026-04-04T10:02:58","date_gmt":"2026-04-04T09:02:58","guid":{"rendered":"https:\/\/pracek.si\/racunalniskatrgovina\/izdelek\/prenosnik-hp-14-ep0005ne-i3-ram-8-gb-ssd-disk-140%e2%80%b3-fhd\/"},"modified":"2026-04-04T10:03:01","modified_gmt":"2026-04-04T09:03:01","slug":"prenosnik-hp-14-ep0005ne-i3-ram-8-gb-ssd-disk-140%e2%80%b3-fhd","status":"publish","type":"product","link":"https:\/\/pracek.si\/racunalniskatrgovina\/izdelek\/prenosnik-hp-14-ep0005ne-i3-ram-8-gb-ssd-disk-140%e2%80%b3-fhd\/","title":{"rendered":"Prenosnik HP 14-ep0005ne \/ i3 \/ RAM 8 GB \/ SSD Disk \/ 14,0\u2033 FHD"},"content":{"rendered":"<p>Prenosni ra\u010dunalnik HP 14-ep0005ne zdru\u017euje eleganco in u\u010dinkovitost v kompaktni napravi, ki je ustvarjena za vsakodnevno uporabo ter zagotavlja zanesljivo zmogljivost in razli\u010dne mo\u017enosti povezljivosti.<\/p>\n<p><H2>Najve\u010dje prednosti<\/H2><br \/>\n<ul><br \/>\n  <li><b>Kompaktna oblika<\/b>: Prenosnik z 14-pal\u010dnim FHD zaslonom, ki omogo\u010da jasno sliko in barve.<\/li><br \/>\n  <li><b>Izjemna hitrost<\/b>: SSD pogon s podporo za NVMe zagotavlja hitro nalaganje in shranjevanje podatkov.<\/li><br \/>\n  <li><b>Povezljivost<\/b>: Vklju\u010duje HDMI, USB-A 3.2 in USB-C vhod za \u0161iroke mo\u017enosti povezovanja.<\/li><br \/>\n  <li><b>Osnovna grafi\u010dna zmogljivost<\/b>: Integrirana grafi\u010dna kartica omogo\u010da gladko vizualno izku\u0161njo za vsakodnevna opravila.<\/li><br \/>\n<\/ul><\/p>\n<p><H2>Kdo kupuje ta izdelek<\/H2><br \/>\nTa prenosnik je idealen za uporabnike, ki i\u0161\u010dejo zanesljivo napravo za vsakodnevne naloge, kot so brskanje po spletu, gledanje videov in uporaba pisarni\u0161kih aplikacij. \u0160tudenti, mladi strokovnjaki in dru\u017eine bodo cenili njegovo prilagodljivost in enostavno prenosljivost.<\/p>\n<p><H2>Mo\u017enosti nadgradnje<\/H2><br \/>\nHP 14-ep0005ne omogo\u010da nadgradnjo pomnilnika in shrambnega prostora, kar omogo\u010da prilagoditev zmogljivosti va\u0161im potrebam. Pred izvedbo nadgradnje se vedno posvetujte s strokovnjakom.<\/p>\n<p><H2>Zakaj izbrati obnovljeno napravo<\/H2><br \/>\nZ nakupom obnovljenega prenosnika prispevate k varovanju na\u0161ega okolja in hkrati pridobite izdelek, ki ga je strokovna ekipa skrbno obnovila in ga podprla s standardiziranim sistemom kakovostnih ocen za zagotavljanje brezhibne funkcionalnosti. Tak\u0161ne naprave so pogosto dostopne po ugodnej\u0161i ceni, kar omogo\u010da pametno nalo\u017ebo v tehnologijo brez kompromisov glede kakovosti.<h2>Odprta embala\u017ea<\/h2>&#13;<br \/>\n<p>Skoraj nobenih znakov obrabe. Tovarni\u0161ka kvaliteta. V ve\u010dini primerov gre za prese\u017eek proizvodnje in neprodane zaloge, pri katerih razlike v primerjavi z novimi napravami niso opazne.<\/p>&#13;<\/p>\n","protected":false},"excerpt":{"rendered":"<p>Intel Core i3-1315U\u00a0(1,2\u00a0GHz), 35,6 cm (14,0&#8221;) FHD (1920&#215;1080) AG LED IPS, 8 GB DDR4-3200, SSD 256 GB PCIe NVMe, Intel UHD Graphics (IGP), HDMI, 2x USB-A 3.2 Gen1 (5Gbps), 1x USB-C 3.2 Gen1\u00a0(5 Gbps), no ODD, Wi-Fi, Bluetooth, Webcam, Backlit\u00a0Kbd., Microsoft Windows 11 Home\u00a0(64-bit)<\/p>\n","protected":false},"featured_media":94869,"template":"","meta":[],"product_brand":[26],"product_cat":[1296,1204,1303,1958,1286],"product_tag":[1811],"class_list":{"0":"post-73353","1":"product","2":"type-product","3":"status-publish","4":"has-post-thumbnail","6":"product_brand-hewlett-packard","7":"product_cat-hp-prenosniki","8":"product_cat-prenosniki","9":"product_cat-prenosniki-i3","10":"product_cat-prenosniki-za-domaco-uporabo","11":"product_cat-priljubljena-iskanja","12":"product_tag-pp","13":"pa_odgovorna-oseba-v-eu-hp-reg-23010","15":"first","16":"instock","17":"taxable","18":"shipping-taxable","19":"purchasable","20":"product-type-simple"},"_links":{"self":[{"href":"https:\/\/pracek.si\/racunalniskatrgovina\/wp-json\/wp\/v2\/product\/73353","targetHints":{"allow":["GET"]}}],"collection":[{"href":"https:\/\/pracek.si\/racunalniskatrgovina\/wp-json\/wp\/v2\/product"}],"about":[{"href":"https:\/\/pracek.si\/racunalniskatrgovina\/wp-json\/wp\/v2\/types\/product"}],"version-history":[{"count":1,"href":"https:\/\/pracek.si\/racunalniskatrgovina\/wp-json\/wp\/v2\/product\/73353\/revisions"}],"predecessor-version":[{"id":91956,"href":"https:\/\/pracek.si\/racunalniskatrgovina\/wp-json\/wp\/v2\/product\/73353\/revisions\/91956"}],"wp:featuredmedia":[{"embeddable":true,"href":"https:\/\/pracek.si\/racunalniskatrgovina\/wp-json\/wp\/v2\/media\/94869"}],"wp:attachment":[{"href":"https:\/\/pracek.si\/racunalniskatrgovina\/wp-json\/wp\/v2\/media?parent=73353"}],"wp:term":[{"taxonomy":"product_brand","embeddable":true,"href":"https:\/\/pracek.si\/racunalniskatrgovina\/wp-json\/wp\/v2\/product_brand?post=73353"},{"taxonomy":"product_cat","embeddable":true,"href":"https:\/\/pracek.si\/racunalniskatrgovina\/wp-json\/wp\/v2\/product_cat?post=73353"},{"taxonomy":"product_tag","embeddable":true,"href":"https:\/\/pracek.si\/racunalniskatrgovina\/wp-json\/wp\/v2\/product_tag?post=73353"}],"curies":[{"name":"wp","href":"https:\/\/api.w.org\/{rel}","templated":true}]}}