{"id":77939,"date":"2026-04-04T10:08:06","date_gmt":"2026-04-04T09:08:06","guid":{"rendered":"https:\/\/pracek.si\/racunalniskatrgovina\/izdelek\/prenosnik-hp-omnibook-x-flip-next-gen-ai-16-as0004nj-u5-226v-touch-ultra-5-ram-16-gb-ssd-disk-160%e2%80%b3-wuxga\/"},"modified":"2026-04-04T10:08:15","modified_gmt":"2026-04-04T09:08:15","slug":"prenosnik-hp-omnibook-x-flip-next-gen-ai-16-as0004nj-u5-226v-touch-ultra-5-ram-16-gb-ssd-disk-160%e2%80%b3-wuxga","status":"publish","type":"product","link":"https:\/\/pracek.si\/racunalniskatrgovina\/izdelek\/prenosnik-hp-omnibook-x-flip-next-gen-ai-16-as0004nj-u5-226v-touch-ultra-5-ram-16-gb-ssd-disk-160%e2%80%b3-wuxga\/","title":{"rendered":"Prenosnik HP OmniBook X Flip Next Gen AI 16-as0004nj | U5 226V | Touch \/ Ultra 5 \/ RAM 16 GB \/ SSD Disk \/ 16,0\u2033 WUXGA"},"content":{"rendered":"<p>Prenosnik HP OmniBook X Flip Next Gen AI je izjemna izbira za vse, ki potrebujejo zanesljivo in vsestransko napravo. S funkcionalnim dizajnom in napredno tehnologijo prina\u0161a izjemno izku\u0161njo vsem uporabnikom, bodisi za delo bodisi za zabavo.<\/p>\n<p><H2>Najve\u010dje prednosti<\/H2><\/p>\n<p><p>Ta prenosnik je opremljen z zmogljivim procesorjem I5, ki zagotavlja izredno hitro in odzivno delovanje. <b>Multi-Touch BrightView IPS LED zaslon<\/b> velikega formata 40,6 cm (16,0&quot;) s <b>WUXGA lo\u010dljivostjo (1920\u00d71200)<\/b> omogo\u010da kristalno jasno sliko in enostavno upravljanje na dotik. <ul><br \/>\n<li>SSD <b>PCIe NVMe<\/b> omogo\u010da <b>izjemno hitrost prenosa podatkov<\/b>, s \u010dimer prihranite \u010das pri nalaganju aplikacij in datotek.<\/li><br \/>\n<li>Vklju\u010deni so napredni priklju\u010dki, kot so <b>Thunderbolt 4<\/b> in ve\u010d USB priklju\u010dkov za povezljivost in prenos podatkov visoke hitrosti.<\/li><br \/>\n<li>Vgrajeno <b>Wi-Fi 7<\/b> in <b>Bluetooth 5.4<\/b> za nemoteno brez\u017ei\u010dno povezovanje.<\/li><br \/>\n<\/ul><\/p><\/p>\n<p><H2>Kdo kupuje ta izdelek<\/H2><\/p>\n<p><p>OmniBook X Flip je idealen za \u0161tudente, profesionalce in ustvarjalce vsebin, ki hitrost in funkcionalnost cenijo nadvse. Je odli\u010dna izbira za tiste, ki pogosto uporabljajo ve\u010dopravilnost in potrebujejo trpe\u017een prenosnik, ki lahko sledi njihovim zahtevam.<\/p><\/p>\n<p><H2>Mo\u017enosti nadgradnje<\/H2><\/p>\n<p><p>Za vse, ki \u017eelijo ve\u010d, ponuja ta model mo\u017enost nadgradnje diska in pomnilnika. Dodajanje ve\u010d spomina \u0161e izbolj\u0161a \u017ee tako izjemno delovanje naprave. Pred izvedbo nadgradnje se vedno posvetujte s strokovnjakom, da zagotovite najbolj\u0161e rezultate.<\/p><\/p>\n<p><H2>Zakaj izbrati obnovljeno napravo<\/H2><\/p>\n<p><p>Izbira obnovljene naprave prina\u0161a \u0161tevilne prednosti. Poleg cenovne dostopnosti gre tudi za okolju prijaznej\u0161e ravnanje, saj obnovljena naprava manj obremenjuje okolje. Vsak obnovljen model tega prenosnika je pregledan in obnovljen z uporabo strokovne storitve obnove, ki zagotavlja vrhunsko delovanje in zanesljivost, zahvaljujo\u010d standardiziranemu sistemu kakovostnih ocen. <\/p><\/p>\n<p><p>Odkrijte, kje se zmogljivost prepleta z zanesljivostjo in kakovostna obnova odpira vrata novi uporabni\u0161ki izku\u0161nji.<\/p><h2>Odprta embala\u017ea<\/h2>&#13;<br \/>\n<p>Skoraj nobenih znakov obrabe. Tovarni\u0161ka kvaliteta. V ve\u010dini primerov gre za prese\u017eek proizvodnje in neprodane zaloge, pri katerih razlike v primerjavi z novimi napravami niso opazne.<\/p>&#13;<\/p>\n","protected":false},"excerpt":{"rendered":"<p>Intel Core Ultra 5\u00a0226V (2,1 GHz), 16\u00a0GB LPDDR5x-8533, 40,6 cm (16,0&#8243;) WUXGA\u00a0(1920&#215;1200) Multi-Touch BrightView\u00a0IPS LED 60 Hz, SSD 512 GB PCIe NVMe, HDMI 2.1, 1x Thunderbolt 4 (DisplayPort &#8211; 40 Gbps), 2x USB-A 3.2 Gen2 (10Gbps), 1x USB-C 3.2 Gen2 (10Gbps &#8211; DP 1.4a), Wi-Fi 6E, Bluetooth 5.3, Backlit Kbd., Webcam, 65W USB-C PD, Pen-Tilt Silver,\u00a0Microsoft Windows 11 Home (64-bit)<\/p>\n","protected":false},"featured_media":77941,"template":"","meta":[],"product_brand":[26],"product_cat":[1296,1204,1964,1286],"product_tag":[1811],"class_list":{"0":"post-77939","1":"product","2":"type-product","3":"status-publish","4":"has-post-thumbnail","6":"product_brand-hewlett-packard","7":"product_cat-hp-prenosniki","8":"product_cat-prenosniki","9":"product_cat-prenosniki-ultrabook","10":"product_cat-priljubljena-iskanja","11":"product_tag-pp","12":"pa_odgovorna-oseba-v-eu-hp-tehnicna-regulativna-ekipa","14":"first","15":"instock","16":"taxable","17":"shipping-taxable","18":"purchasable","19":"product-type-simple"},"_links":{"self":[{"href":"https:\/\/pracek.si\/racunalniskatrgovina\/wp-json\/wp\/v2\/product\/77939","targetHints":{"allow":["GET"]}}],"collection":[{"href":"https:\/\/pracek.si\/racunalniskatrgovina\/wp-json\/wp\/v2\/product"}],"about":[{"href":"https:\/\/pracek.si\/racunalniskatrgovina\/wp-json\/wp\/v2\/types\/product"}],"version-history":[{"count":1,"href":"https:\/\/pracek.si\/racunalniskatrgovina\/wp-json\/wp\/v2\/product\/77939\/revisions"}],"predecessor-version":[{"id":91795,"href":"https:\/\/pracek.si\/racunalniskatrgovina\/wp-json\/wp\/v2\/product\/77939\/revisions\/91795"}],"wp:featuredmedia":[{"embeddable":true,"href":"https:\/\/pracek.si\/racunalniskatrgovina\/wp-json\/wp\/v2\/media\/77941"}],"wp:attachment":[{"href":"https:\/\/pracek.si\/racunalniskatrgovina\/wp-json\/wp\/v2\/media?parent=77939"}],"wp:term":[{"taxonomy":"product_brand","embeddable":true,"href":"https:\/\/pracek.si\/racunalniskatrgovina\/wp-json\/wp\/v2\/product_brand?post=77939"},{"taxonomy":"product_cat","embeddable":true,"href":"https:\/\/pracek.si\/racunalniskatrgovina\/wp-json\/wp\/v2\/product_cat?post=77939"},{"taxonomy":"product_tag","embeddable":true,"href":"https:\/\/pracek.si\/racunalniskatrgovina\/wp-json\/wp\/v2\/product_tag?post=77939"}],"curies":[{"name":"wp","href":"https:\/\/api.w.org\/{rel}","templated":true}]}}