{"id":92679,"date":"2026-04-04T10:10:32","date_gmt":"2026-04-04T09:10:32","guid":{"rendered":"https:\/\/pracek.si\/racunalniskatrgovina\/izdelek\/prenosnik-hp-omnibook-5-flip-14-fp0011nx-core-5-120u-touch-5-ram-16-gb-ssd-disk-140%e2%80%b3-wuxga\/"},"modified":"2026-04-04T10:10:34","modified_gmt":"2026-04-04T09:10:34","slug":"prenosnik-hp-omnibook-5-flip-14-fp0011nx-core-5-120u-touch-5-ram-16-gb-ssd-disk-140%e2%80%b3-wuxga","status":"publish","type":"product","link":"https:\/\/pracek.si\/racunalniskatrgovina\/izdelek\/prenosnik-hp-omnibook-5-flip-14-fp0011nx-core-5-120u-touch-5-ram-16-gb-ssd-disk-140%e2%80%b3-wuxga\/","title":{"rendered":"Prenosnik HP OmniBook 5 Flip 14-fp0011nx | Core 5 120U | Touch \/ 5 \/ RAM 16 GB \/ SSD Disk \/ 14,0\u2033 WUXGA"},"content":{"rendered":"<p>HP OmniBook 5 Flip 14-fp0011nx vas s svojo elegantno obliko in zmogljivo notranjostjo popelje v svet produktivnosti in ustvarjalnosti. S priro\u010dno 14-pal\u010dno WUXGA zaslonom na dotik, ki prina\u0161a izjemno jasnost in \u017eivahnost, ter sodobno procesorsko mo\u010djo, postane vsakodnevno delo ali zabava prijetnej\u0161a izku\u0161nja.<\/p>\n<p>&lt;H2&gt;Najve\u010dje prednosti&lt;\/H2&gt;<br \/>\n&lt;ul&gt;<br \/>\n    &lt;li&gt;&lt;b&gt;Oblikovna prilagodljivost&lt;\/b&gt;: 360-stopinjski te\u010daj omogo\u010da preprosto preklapljanje med na\u010dinom prenosnika in tablice, kar izbolj\u0161a njegovo uporabnost.&lt;\/li&gt;<br \/>\n    &lt;li&gt;&lt;b&gt;Povezljivost na dlani&lt;\/b&gt;: Sodoben nabor priklju\u010dkov, vklju\u010dno z USB-C in HDMI, vam nudi brezhibno povezovanje z zunanjimi napravami.&lt;\/li&gt;<br \/>\n    &lt;li&gt;&lt;b&gt;Zaslon na dotik&lt;\/b&gt;: Interakcija z vsebino je intuitivna in bolj organska zahvaljujo\u010d zaslonu na dotik. Multitouch tehnologija dvigne uporabni\u0161ko izku\u0161njo na vi\u0161jo raven.&lt;\/li&gt;<br \/>\n    &lt;li&gt;&lt;b&gt;Hitrost in u\u010dinkovitost&lt;\/b&gt;: SSD s tehnologijo NVMe zagotavlja osupljivo hitro shranjevanje in nalaganje podatkov.&lt;\/li&gt;<br \/>\n&lt;\/ul&gt;<\/p>\n<p>&lt;H2&gt;Kdo kupuje ta izdelek&lt;\/H2&gt;<br \/>\nHP OmniBook 5 Flip je odli\u010dna izbira za \u0161tudente, profesionalce in ustvarjalce vsebin, ki i\u0161\u010dejo zanesljivo zmogljivost in vsestranskost. Primeren je za tiste, ki potrebujejo prenosnik za delo na poti ali pa u\u017eivajo v zabavi, kot so gledanje filmov in predvajanje glasbe. Zahvaljujo\u010d svoji lahki zasnovi in mo\u010di, je popolna izbira za tiste, ki pogosto delajo v razli\u010dnih okoljih ali potrebujejo napravo, ki se prilagaja njihovim potrebam.<\/p>\n<p>&lt;H2&gt;Mo\u017enosti nadgradnje&lt;\/H2&gt;<br \/>\nZa tiste, ki \u017eelijo \u0161e ve\u010d mo\u010di in prostora, HP OmniBook 5 Flip omogo\u010da nadgradnjo pomnilnika in diska. Pred izvedbo nadgradnje se vedno posvetujte s strokovnjakom. <\/p>\n<p>&lt;H2&gt;Zakaj izbrati obnovljeno napravo&lt;\/H2&gt;<br \/>\nIzbira obnovljene naprave, kot je HP OmniBook 5 Flip, prina\u0161a ne le finan\u010dne prednosti, temve\u010d tudi pozitivni vpliv na okolje. Te naprave so temeljito pregledane v okviru standardiziranega sistema kakovostnih ocen in strokovno obnovljene, kar zagotavlja zanesljivost in trajnost. Poleg tega omogo\u010dajo dostop do visoko zmogljivih naprav po ugodnej\u0161i ceni, obenem pa predstavljajo premi\u0161ljeno izbiro v smeri trajnostnega razvoja.&lt;h2&gt;Odprta embala\u017ea&lt;\/h2&gt;&#13;<br \/>\n&lt;p&gt;Skoraj nobenih znakov obrabe. Tovarni\u0161ka kvaliteta. V ve\u010dini primerov gre za prese\u017eek proizvodnje in neprodane zaloge, pri katerih razlike v primerjavi z novimi napravami niso opazne.&lt;\/p&gt;&#13;<\/p>\n","protected":false},"excerpt":{"rendered":"<p>Intel Core 5 120U (1,4\u00a0GHz), 16 GB LPDDR5-5200, SSD 512 GB M.2 PCIe NVMe,\u00a035,5 cm (14,0&#8243;) WUXGA (1920&#215;1200) Multi-Touch BV IPS LED 60 Hz,\u00a0Intel Graphics (IGP), HDMI 2.1, 2x USB-C 3.2 Gen2 (10Gbps &#8211; DisplayPort), 1x USB-A 3.2 Gen2 (10Gbps), 1x USB-A 3.2 Gen1 (5Gbps), Wi-Fi 6, Bluetooth 5.4, Backlit\u00a0Kbd, Pen-Tilt Silver, Webcam, Microsoft Windows 11 Home (64-bit)<\/p>\n","protected":false},"featured_media":92681,"template":"","meta":[],"product_brand":[26],"product_cat":[1296,1204,1964,1958,1286],"product_tag":[1811],"class_list":{"0":"post-92679","1":"product","2":"type-product","3":"status-publish","4":"has-post-thumbnail","6":"product_brand-hewlett-packard","7":"product_cat-hp-prenosniki","8":"product_cat-prenosniki","9":"product_cat-prenosniki-ultrabook","10":"product_cat-prenosniki-za-domaco-uporabo","11":"product_cat-priljubljena-iskanja","12":"product_tag-pp","13":"pa_odgovorna-oseba-v-eu-hp-tehnicna-regulativna-ekipa","15":"first","16":"instock","17":"taxable","18":"shipping-taxable","19":"purchasable","20":"product-type-simple"},"_links":{"self":[{"href":"https:\/\/pracek.si\/racunalniskatrgovina\/wp-json\/wp\/v2\/product\/92679","targetHints":{"allow":["GET"]}}],"collection":[{"href":"https:\/\/pracek.si\/racunalniskatrgovina\/wp-json\/wp\/v2\/product"}],"about":[{"href":"https:\/\/pracek.si\/racunalniskatrgovina\/wp-json\/wp\/v2\/types\/product"}],"version-history":[{"count":1,"href":"https:\/\/pracek.si\/racunalniskatrgovina\/wp-json\/wp\/v2\/product\/92679\/revisions"}],"predecessor-version":[{"id":92680,"href":"https:\/\/pracek.si\/racunalniskatrgovina\/wp-json\/wp\/v2\/product\/92679\/revisions\/92680"}],"wp:featuredmedia":[{"embeddable":true,"href":"https:\/\/pracek.si\/racunalniskatrgovina\/wp-json\/wp\/v2\/media\/92681"}],"wp:attachment":[{"href":"https:\/\/pracek.si\/racunalniskatrgovina\/wp-json\/wp\/v2\/media?parent=92679"}],"wp:term":[{"taxonomy":"product_brand","embeddable":true,"href":"https:\/\/pracek.si\/racunalniskatrgovina\/wp-json\/wp\/v2\/product_brand?post=92679"},{"taxonomy":"product_cat","embeddable":true,"href":"https:\/\/pracek.si\/racunalniskatrgovina\/wp-json\/wp\/v2\/product_cat?post=92679"},{"taxonomy":"product_tag","embeddable":true,"href":"https:\/\/pracek.si\/racunalniskatrgovina\/wp-json\/wp\/v2\/product_tag?post=92679"}],"curies":[{"name":"wp","href":"https:\/\/api.w.org\/{rel}","templated":true}]}}