{"id":92706,"date":"2026-04-04T10:10:40","date_gmt":"2026-04-04T09:10:40","guid":{"rendered":"https:\/\/pracek.si\/racunalniskatrgovina\/izdelek\/prenosnik-hp-omnibook-5-flip-14-fp0028ne-core-7-150u-touch-7-ram-24-gb-ssd-disk-140%e2%80%b3-wuxga\/"},"modified":"2026-04-04T10:10:42","modified_gmt":"2026-04-04T09:10:42","slug":"prenosnik-hp-omnibook-5-flip-14-fp0028ne-core-7-150u-touch-7-ram-24-gb-ssd-disk-140%e2%80%b3-wuxga","status":"publish","type":"product","link":"https:\/\/pracek.si\/racunalniskatrgovina\/izdelek\/prenosnik-hp-omnibook-5-flip-14-fp0028ne-core-7-150u-touch-7-ram-24-gb-ssd-disk-140%e2%80%b3-wuxga\/","title":{"rendered":"Prenosnik HP OmniBook 5 Flip 14-fp0028ne | Core 7 150U | Touch \/ 7 \/ RAM 24 GB \/ SSD Disk \/ 14,0\u2033 WUXGA"},"content":{"rendered":"<p>Prenosnik HP OmniBook 5 Flip 14-fp0028ne zdru\u017euje eleganten dizajn z zmogljivo funkcionalnostjo, kar ga postavlja med priljubljene izbire za uporabnike, ki i\u0161\u010dejo zanesljivo napravo s fleksibilnostjo in mo\u010djo v enem.<\/p>\n<p>&lt;H2&gt;Najve\u010dje prednosti&lt;\/H2&gt;<br \/>\n&lt;ul&gt;<br \/>\n    &lt;li&gt;U\u017eivajte v edinstveni uporabni\u0161ki izku\u0161nji z 14-pal\u010dnim WUXGA zaslonom, ki omogo\u010da &lt;b&gt;multi-touch&lt;\/b&gt;.&lt;\/li&gt;<br \/>\n    &lt;li&gt;Elegantna oblika in izjemna mobilnost, ki jih prina\u0161a lahka in premi\u0161ljeno zasnovana konstrukcija.&lt;\/li&gt;<br \/>\n    &lt;li&gt;Ultra hiter &lt;b&gt;SSD NVMe&lt;\/b&gt; pogon omogo\u010da bliskovit dostop do podatkov in hitrost delovanja.&lt;\/li&gt;<br \/>\n    &lt;li&gt;Priklju\u010dki velike hitrosti, vklju\u010dno z &lt;b&gt;USB-C 3.2 Gen2&lt;\/b&gt; in &lt;b&gt;HDMI 2.1&lt;\/b&gt; za popolno povezljivost.&lt;\/li&gt;<br \/>\n&lt;\/ul&gt;<\/p>\n<p>&lt;H2&gt;Kdo kupuje ta izdelek&lt;\/H2&gt;<br \/>\nTa prenosnik je idealna izbira za &lt;b&gt;profesionalce&lt;\/b&gt; in &lt;b&gt;\u0161tudente&lt;\/b&gt;, ki cenijo kombinacijo zmogljivosti in prenosljivosti ter zahtevajo napravo, ki lahko sledi njihovemu dinami\u010dnemu \u017eivljenjskemu slogu. Poleg tega je primeren za kreativce, ki svojo vizijo udejanjajo s stilusom ter prepoznavajo prednosti odzivnega zaslona na dotik.<\/p>\n<p>&lt;H2&gt;Mo\u017enosti nadgradnje&lt;\/H2&gt;<br \/>\nPrenosnik omogo\u010da nadgradnjo diska in pomnilnika, kar zagotavlja, da naprava ostaja kos tudi ve\u010djim zahtevam v prihodnosti. &lt;b&gt;Pred izvedbo nadgradnje se vedno posvetujte s strokovnjakom.&lt;\/b&gt;<\/p>\n<p>&lt;H2&gt;Zakaj izbrati obnovljeno napravo&lt;\/H2&gt;<br \/>\nIzbira strokovno obnovljene naprave prina\u0161a \u0161tevilne koristi, med katere sodijo ni\u017eji stro\u0161ki, okoljska osve\u0161\u010denost in zanesljivost. Vsaka naprava je obnovljena po strogih standardih zagotavljanja kakovosti in preverjena s standardiziranim sistemom ocen. Tako lahko z zaupanjem izberete napravo, ki izpolnjuje va\u0161e potrebe in je prijaznej\u0161a do okolja.&lt;h2&gt;Odprta embala\u017ea&lt;\/h2&gt;&#13;<br \/>\n&lt;p&gt;Skoraj nobenih znakov obrabe. Tovarni\u0161ka kvaliteta. V ve\u010dini primerov gre za prese\u017eek proizvodnje in neprodane zaloge, pri katerih razlike v primerjavi z novimi napravami niso opazne.&lt;\/p&gt;&#13;<\/p>\n","protected":false},"excerpt":{"rendered":"<p>Intel Core 7\u00a0150U (1,8\u00a0GHz), 24\u00a0GB LPDDR5-5200, SSD 1 TB M.2 PCIe NVMe, 35,6 cm (14.0&#8243;)\u00a0WUXGA (1920&#215;1200) Multi-Touch\u00a0BV LED, Intel Graphics (IGP), HDMI 2.1, 2x USB-C 3.2 Gen2 (DisplayPort &#8211; 10Gbps), 1x USB-A 3.2 Gen2 (10Gbps), 1x USB-A 3.2 Gen1 (5Gbps), Wi-Fi 6E AX211 (2&#215;2), Bluetooth 5.3, Backlit Kbd, Webcam, Pen-Tilt Silver,\u00a0Microsoft\u00a0Windows 11 Home (64-bit)<\/p>\n","protected":false},"featured_media":92708,"template":"","meta":[],"product_brand":[26],"product_cat":[1296,1204,1964,1958,1286],"product_tag":[1811],"class_list":{"0":"post-92706","1":"product","2":"type-product","3":"status-publish","4":"has-post-thumbnail","6":"product_brand-hewlett-packard","7":"product_cat-hp-prenosniki","8":"product_cat-prenosniki","9":"product_cat-prenosniki-ultrabook","10":"product_cat-prenosniki-za-domaco-uporabo","11":"product_cat-priljubljena-iskanja","12":"product_tag-pp","13":"pa_odgovorna-oseba-v-eu-hp-tehnicna-regulativna-ekipa","15":"first","16":"instock","17":"taxable","18":"shipping-taxable","19":"purchasable","20":"product-type-simple"},"_links":{"self":[{"href":"https:\/\/pracek.si\/racunalniskatrgovina\/wp-json\/wp\/v2\/product\/92706","targetHints":{"allow":["GET"]}}],"collection":[{"href":"https:\/\/pracek.si\/racunalniskatrgovina\/wp-json\/wp\/v2\/product"}],"about":[{"href":"https:\/\/pracek.si\/racunalniskatrgovina\/wp-json\/wp\/v2\/types\/product"}],"version-history":[{"count":1,"href":"https:\/\/pracek.si\/racunalniskatrgovina\/wp-json\/wp\/v2\/product\/92706\/revisions"}],"predecessor-version":[{"id":92707,"href":"https:\/\/pracek.si\/racunalniskatrgovina\/wp-json\/wp\/v2\/product\/92706\/revisions\/92707"}],"wp:featuredmedia":[{"embeddable":true,"href":"https:\/\/pracek.si\/racunalniskatrgovina\/wp-json\/wp\/v2\/media\/92708"}],"wp:attachment":[{"href":"https:\/\/pracek.si\/racunalniskatrgovina\/wp-json\/wp\/v2\/media?parent=92706"}],"wp:term":[{"taxonomy":"product_brand","embeddable":true,"href":"https:\/\/pracek.si\/racunalniskatrgovina\/wp-json\/wp\/v2\/product_brand?post=92706"},{"taxonomy":"product_cat","embeddable":true,"href":"https:\/\/pracek.si\/racunalniskatrgovina\/wp-json\/wp\/v2\/product_cat?post=92706"},{"taxonomy":"product_tag","embeddable":true,"href":"https:\/\/pracek.si\/racunalniskatrgovina\/wp-json\/wp\/v2\/product_tag?post=92706"}],"curies":[{"name":"wp","href":"https:\/\/api.w.org\/{rel}","templated":true}]}}