{"id":93022,"date":"2026-04-04T10:08:56","date_gmt":"2026-04-04T09:08:56","guid":{"rendered":"https:\/\/pracek.si\/racunalniskatrgovina\/izdelek\/prenosnik-apple-macbook-air-2023-apple-m-ram-16-gb-ssd-disk-156%e2%80%b3-2-8k\/"},"modified":"2026-04-04T10:08:58","modified_gmt":"2026-04-04T09:08:58","slug":"prenosnik-apple-macbook-air-2023-apple-m-ram-16-gb-ssd-disk-156%e2%80%b3-2-8k","status":"publish","type":"product","link":"https:\/\/pracek.si\/racunalniskatrgovina\/izdelek\/prenosnik-apple-macbook-air-2023-apple-m-ram-16-gb-ssd-disk-156%e2%80%b3-2-8k\/","title":{"rendered":"Prenosnik Apple MacBook Air 2023 \/ Apple M \/ RAM 16 GB \/ SSD Disk \/ 15,6\u2033 2.8K"},"content":{"rendered":"<p>Izkoristite izjemno zmogljivost in eleganco, ki jo prina\u0161a Prenosnik Apple MacBook Air 2023. Ta naprava zdru\u017euje napreden procesor, visokolo\u010dljivostni zaslon in ble\u0161\u010de\u010d dizajn, s tem pa ponuja popolno ravnovesje med formo in funkcionalnostjo.<\/p>\n<p><H2>Najve\u010dje prednosti<\/H2><br \/>\n<ul><br \/>\n  <li>Visoko zmogljiv procesor za hitro opravljanje zahtevnih nalog<\/li><br \/>\n  <li>Sijajni 15,6-pal\u010dni zaslon z lo\u010dljivostjo 2.8K za \u017eivahne barve in ostre podrobnosti<\/li><br \/>\n  <li>Hiter in zanesljiv pomnilnik ter NVMe SSD za izjemno hitro shranjevanje podatkov<\/li><br \/>\n  <li>Osvetljena tipkovnica za brezskrbno delo v temnej\u0161ih pogojih<\/li><br \/>\n  <li>Kompaktna oblika za enostavno prena\u0161anje in uporabo na poti<\/li><br \/>\n<\/ul><\/p>\n<p><H2>Kdo kupuje ta izdelek<\/H2><br \/>\nApple MacBook Air 2023 je prava izbira za <b>profesionalce<\/b> na podro\u010dju oblikovanja, programiranja ter vse, ki potrebujejo hitro in zanesljivo napravo. Prav tako bo navdu\u0161il <b>\u0161tudente<\/b> in <b>uporabnike, ki i\u0161\u010dejo eleganten in zmogljiv prenosnik<\/b> za vsakodnevno rabo.<\/p>\n<p><H2>Mo\u017enosti nadgradnje<\/H2><br \/>\nZa dodatno prilagodljivost naprave poskrbi mo\u017enost nadgradnje diska in pomnilnika, kar vam omogo\u010da, da prilagodite napravo svojim nara\u0161\u010dajo\u010dim potrebam. <b>Pred izvedbo nadgradnje se vedno posvetujte s strokovnjakom.<\/b><\/p>\n<p><H2>Zakaj izbrati obnovljeno napravo<\/H2><br \/>\nIzbira obnovljene naprave ne pomeni zgolj var\u010devanja, temve\u010d tudi <b>odgovorno odlo\u010ditev za okolje<\/b>. Strokovno obnovljeni modeli sledijo strogo standardiziranemu sistemu kakovostnih ocen, ki zagotavlja preverjeno delovanje in izgled. S tem korakom podpirate zmanj\u0161evanje odtisov v naravi in izbirate ekonomi\u010dno re\u0161itev, ki je prijazna do okolja.<\/p>\n<p>Izberite Apple MacBook Air 2023, kjer se sre\u010data kakovost in u\u010dinkovitost v elegantni obliki, in izkusite novi svet prenosnikov na palubi, ki zadovoljuje va\u0161e vsakodnevne in profesionalne potrebe.<h2>Odprta embala\u017ea<\/h2>&#13;<br \/>\n<p>Skoraj nobenih znakov obrabe. Tovarni\u0161ka kvaliteta. V ve\u010dini primerov gre za prese\u017eek proizvodnje in neprodane zaloge, pri katerih razlike v primerjavi z novimi napravami niso opazne.<\/p>&#13;<\/p>\n","protected":false},"excerpt":{"rendered":"<p>Apple M2 &#8211; 8 Core CPU \/ 10 Core GPU, 4P+4E\/8T, 16MB Cache, 16 Core Neural Engine \/ Max. Speed 3.5 GHz, 16 GB ONBOARD, 1 TB NVME SSD, 39,6 cm (15,6\u2033), Sijajni (BrightView, gloss), 2.8K \/ 2880 x 1800, Apple M2 10 Cores, Thunderbolt, Backlit keyboard, bluetooth, MacOS Sonoma<\/p>\n","protected":false},"featured_media":93024,"template":"","meta":[],"product_brand":[30],"product_cat":[1204,1301,1964,1958,1286],"product_tag":[1811],"class_list":{"0":"post-93022","1":"product","2":"type-product","3":"status-publish","4":"has-post-thumbnail","6":"product_brand-apple","7":"product_cat-prenosniki","8":"product_cat-prenosniki-15-palcni","9":"product_cat-prenosniki-ultrabook","10":"product_cat-prenosniki-za-domaco-uporabo","11":"product_cat-priljubljena-iskanja","12":"product_tag-pp","13":"pa_odgovorna-oseba-v-eu-apple-tehnicna-regulativna-ekipa","15":"first","16":"instock","17":"taxable","18":"shipping-taxable","19":"purchasable","20":"product-type-simple"},"_links":{"self":[{"href":"https:\/\/pracek.si\/racunalniskatrgovina\/wp-json\/wp\/v2\/product\/93022","targetHints":{"allow":["GET"]}}],"collection":[{"href":"https:\/\/pracek.si\/racunalniskatrgovina\/wp-json\/wp\/v2\/product"}],"about":[{"href":"https:\/\/pracek.si\/racunalniskatrgovina\/wp-json\/wp\/v2\/types\/product"}],"version-history":[{"count":1,"href":"https:\/\/pracek.si\/racunalniskatrgovina\/wp-json\/wp\/v2\/product\/93022\/revisions"}],"predecessor-version":[{"id":93023,"href":"https:\/\/pracek.si\/racunalniskatrgovina\/wp-json\/wp\/v2\/product\/93022\/revisions\/93023"}],"wp:featuredmedia":[{"embeddable":true,"href":"https:\/\/pracek.si\/racunalniskatrgovina\/wp-json\/wp\/v2\/media\/93024"}],"wp:attachment":[{"href":"https:\/\/pracek.si\/racunalniskatrgovina\/wp-json\/wp\/v2\/media?parent=93022"}],"wp:term":[{"taxonomy":"product_brand","embeddable":true,"href":"https:\/\/pracek.si\/racunalniskatrgovina\/wp-json\/wp\/v2\/product_brand?post=93022"},{"taxonomy":"product_cat","embeddable":true,"href":"https:\/\/pracek.si\/racunalniskatrgovina\/wp-json\/wp\/v2\/product_cat?post=93022"},{"taxonomy":"product_tag","embeddable":true,"href":"https:\/\/pracek.si\/racunalniskatrgovina\/wp-json\/wp\/v2\/product_tag?post=93022"}],"curies":[{"name":"wp","href":"https:\/\/api.w.org\/{rel}","templated":true}]}}