{"id":97897,"date":"2026-04-04T10:14:18","date_gmt":"2026-04-04T09:14:18","guid":{"rendered":"https:\/\/pracek.si\/racunalniskatrgovina\/izdelek\/prenosnik-lenovo-thinkpad-t14s-g1-i5-ram-8-gb-ssd-disk-140%e2%80%b3-fhd-5\/"},"modified":"2026-04-04T10:14:19","modified_gmt":"2026-04-04T09:14:19","slug":"prenosnik-lenovo-thinkpad-t14s-g1-i5-ram-8-gb-ssd-disk-140%e2%80%b3-fhd-4","status":"publish","type":"product","link":"https:\/\/pracek.si\/racunalniskatrgovina\/izdelek\/prenosnik-lenovo-thinkpad-t14s-g1-i5-ram-8-gb-ssd-disk-140%e2%80%b3-fhd-4\/","title":{"rendered":"Prenosnik Lenovo ThinkPad T14s G1 \/ i5 \/ RAM 8 GB \/ SSD Disk \/ 14,0\u2033 FHD"},"content":{"rendered":"<p>Lenovo ThinkPad T14s G1 je prenosnik z izjemno zmogljivostjo, ki zdru\u017euje zmogljiv procesor, hiter disk in kakovostno izdelavo v kompaktni zasnovi. Ta prenosnik je kot nala\u0161\u010d za profesionalce in vse, ki potrebujejo zanesljivo napravo za vsakodnevna opravila ali poslovne naloge.<\/p>\n<p>&lt;H2&gt;Najve\u010dje prednosti&lt;\/H2&gt;<br \/>\n&lt;ul&gt;<br \/>\n  &lt;li&gt;&lt;b&gt;Izjemno hiter NVMe SSD disk&lt;\/b&gt; zagotavlja hitrost in zanesljivost.&lt;\/li&gt;<br \/>\n  &lt;li&gt;&lt;b&gt;Elegantno oblikovanje z matiranim zaslonom&lt;\/b&gt; za zmanj\u0161anje ble\u0161\u010danja o\u010dem prijazno uporabo.&lt;\/li&gt;<br \/>\n  &lt;li&gt;&lt;b&gt;Lahka in robustna konstrukcija&lt;\/b&gt; prina\u0161a mobilnost brez kompromisov glede trdnosti.&lt;\/li&gt;<br \/>\n  &lt;li&gt;&lt;b&gt;Osvetljena tipkovnica&lt;\/b&gt; omogo\u010da delo tudi v temnej\u0161ih okoljih.&lt;\/li&gt;<br \/>\n&lt;\/ul&gt;<\/p>\n<p>&lt;H2&gt;Kdo kupuje ta izdelek&lt;\/H2&gt;<br \/>\nLenovo ThinkPad T14s G1 je idealen za strokovnjake, ki potrebujejo zanesljivo napravo za delovno u\u010dinkovitost. Primeren je tudi za \u0161tudente, ki zahtevajo prenosnik, ki jim omogo\u010da izvajanje razli\u010dnih nalog, od ustvarjanja dokumentov do sodelovanja pri projektih. Prav tako bo ustrezal vsem, ki i\u0161\u010dejo zmogljiv prenosnik za osebno ali doma\u010do uporabo.<\/p>\n<p>&lt;H2&gt;Mo\u017enosti nadgradnje&lt;\/H2&gt;<br \/>\nLenovo ThinkPad T14s G1 vam omogo\u010da prilagoditev z mo\u017enostjo nadgradnje pomnilnika in diska. Uporabniki, ki zahtevajo ve\u010d prostora za shranjevanje ali bolj\u0161e zmogljivosti, lahko presenetijo s \u0161irokim razponom prilagoditev. &lt;b&gt;Pred izvedbo nadgradnje se vedno posvetujte s strokovnjakom.&lt;\/b&gt;<\/p>\n<p>&lt;H2&gt;Zakaj izbrati obnovljeno napravo&lt;\/H2&gt;<br \/>\nObnovljena naprava prina\u0161a izjemno vrednost za va\u0161 denar, saj ponuja kombinacijo kakovosti in zanesljivosti po dostopni ceni. Obnovitev izvajajo strokovnjaki, s standardiziranim sistemom kakovostnih ocen, ki zagotavlja delovanje, kot bi bila naprava skoraj nova. S tem nakupom tudi prispevate k trajnostnemu ravnanju z elektronskimi izdelki, saj zmanj\u0161ujete elektronske odpadke.&lt;h2&gt;A- Kakovost&lt;\/h2&gt;&#13;<br \/>\n&lt;p&gt;Znaki obrabe. Najbolj\u0161e razmerje med kvaliteto in ceno. Ohi\u0161je lahko vsebuje manj\u0161e nepravilnosti, kot so vidne praske, ki pa ne vplivajo na delovanje naprave. Zasloni imajo lahko rahle nepravilnosti, ki so nekoliko opazne, vendar ne motijo uporabni\u0161ke izku\u0161nje.&lt;\/p&gt;<\/p>\n","protected":false},"excerpt":{"rendered":"<p>Intel\u00ae Core\u2122 i5-10210U \/ 1.60 GHz \/ Quad-Core \/ 4.20 GHz TurboBoost, 8 GB DDR4 SODIMM, 256 GB NVME SSD, 35,6 cm (14,0\u2033), Matiran (AntiGlare, matt), FHD 1920 x 1080, Intel UHD Graphics, HDMI, USB-C, Thunderbolt, 2x USB, backlit_kb, bluetooth, No OS Installed &#8211; Win10H COA<\/p>\n","protected":false},"featured_media":87425,"template":"","meta":[],"product_brand":[18],"product_cat":[1299,1204,1291,1964,1959,1286,1224],"product_tag":[1811],"class_list":{"0":"post-97897","1":"product","2":"type-product","3":"status-publish","4":"has-post-thumbnail","6":"product_brand-lenovo","7":"product_cat-lenovo-prenosniki","8":"product_cat-prenosniki","9":"product_cat-prenosniki-i5","10":"product_cat-prenosniki-ultrabook","11":"product_cat-prenosniki-za-poslovno-uporabo","12":"product_cat-priljubljena-iskanja","13":"product_cat-rabljeni-prenosniki","14":"product_tag-pp","15":"pa_odgovorna-oseba-v-eu-lenovo-tehnicna-regulativna-ekipa","17":"first","18":"instock","19":"taxable","20":"shipping-taxable","21":"purchasable","22":"product-type-simple"},"_links":{"self":[{"href":"https:\/\/pracek.si\/racunalniskatrgovina\/wp-json\/wp\/v2\/product\/97897","targetHints":{"allow":["GET"]}}],"collection":[{"href":"https:\/\/pracek.si\/racunalniskatrgovina\/wp-json\/wp\/v2\/product"}],"about":[{"href":"https:\/\/pracek.si\/racunalniskatrgovina\/wp-json\/wp\/v2\/types\/product"}],"version-history":[{"count":1,"href":"https:\/\/pracek.si\/racunalniskatrgovina\/wp-json\/wp\/v2\/product\/97897\/revisions"}],"predecessor-version":[{"id":97898,"href":"https:\/\/pracek.si\/racunalniskatrgovina\/wp-json\/wp\/v2\/product\/97897\/revisions\/97898"}],"wp:featuredmedia":[{"embeddable":true,"href":"https:\/\/pracek.si\/racunalniskatrgovina\/wp-json\/wp\/v2\/media\/87425"}],"wp:attachment":[{"href":"https:\/\/pracek.si\/racunalniskatrgovina\/wp-json\/wp\/v2\/media?parent=97897"}],"wp:term":[{"taxonomy":"product_brand","embeddable":true,"href":"https:\/\/pracek.si\/racunalniskatrgovina\/wp-json\/wp\/v2\/product_brand?post=97897"},{"taxonomy":"product_cat","embeddable":true,"href":"https:\/\/pracek.si\/racunalniskatrgovina\/wp-json\/wp\/v2\/product_cat?post=97897"},{"taxonomy":"product_tag","embeddable":true,"href":"https:\/\/pracek.si\/racunalniskatrgovina\/wp-json\/wp\/v2\/product_tag?post=97897"}],"curies":[{"name":"wp","href":"https:\/\/api.w.org\/{rel}","templated":true}]}}