{"id":97899,"date":"2026-04-04T10:14:18","date_gmt":"2026-04-04T09:14:18","guid":{"rendered":"https:\/\/pracek.si\/racunalniskatrgovina\/izdelek\/prenosnik-lenovo-thinkpad-t14s-g1-i5-ram-8-gb-ssd-disk-140%e2%80%b3-fhd-6\/"},"modified":"2026-04-04T10:14:20","modified_gmt":"2026-04-04T09:14:20","slug":"prenosnik-lenovo-thinkpad-t14s-g1-i5-ram-8-gb-ssd-disk-140%e2%80%b3-fhd-5","status":"publish","type":"product","link":"https:\/\/pracek.si\/racunalniskatrgovina\/izdelek\/prenosnik-lenovo-thinkpad-t14s-g1-i5-ram-8-gb-ssd-disk-140%e2%80%b3-fhd-5\/","title":{"rendered":"Prenosnik Lenovo ThinkPad T14s G1 \/ i5 \/ RAM 8 GB \/ SSD Disk \/ 14,0\u2033 FHD"},"content":{"rendered":"<p>U\u017eivajte v vrhunskih zmogljivostih z Lenovo ThinkPad T14s, prenosnikom, zasnovanim za tiste, ki hrepenijo po zanesljivosti in elegantni obliki v enem. Tanek, lahek in enostaven za prena\u0161anje \u2013 idealen sopotnik za delo in zabavo.<\/p>\n<p>&lt;H2&gt;Najve\u010dje prednosti&lt;\/H2&gt;<br \/>\nZ Lenovo ThinkPad T14s ste vedno korak pred drugimi. Zahvaljujo\u010d procesorju I5 in visokozmogljivi povezljivosti boste hitro opravljali ve\u010dopravilnost. Priklju\u010dki, kot sta HDMI in Thunderbolt, omogo\u010dajo hitro in priro\u010dno povezovanje z zunanjimi napravami. Poleg tega u\u017eivajte v vizualni jasnosti na matiranem 14-pal\u010dnem FHD zaslonu, ki nudi &lt;b&gt;odli\u010dno protiodsevno izku\u0161njo&lt;\/b&gt;.<br \/>\n&lt;ul&gt;<br \/>\n  &lt;li&gt;&lt;b&gt;Izjemna prenosljivost:&lt;\/b&gt; lahek in kompakten dizajn&lt;\/li&gt;<br \/>\n  &lt;li&gt;&lt;b&gt;Super hitrost:&lt;\/b&gt; NVMe SSD prina\u0161a bliskovite hitrosti prenosa podatkov&lt;\/li&gt;<br \/>\n  &lt;li&gt;&lt;b&gt;Povezljivost:&lt;\/b&gt; bogata izbira modernih priklju\u010dkov&lt;\/li&gt;<br \/>\n  &lt;li&gt;&lt;b&gt;Fleksibilnost uporabe:&lt;\/b&gt; osvetljena tipkovnica in visoka lo\u010dljivost zaslona za udobno delo v vseh pogojih&lt;\/li&gt;<br \/>\n&lt;\/ul&gt;<\/p>\n<p>&lt;H2&gt;Kdo kupuje ta izdelek&lt;\/H2&gt;<br \/>\nThinkPad T14s je namenjen poslovnim uporabnikom, \u0161tudentom in vsem, ki potrebujejo zanesljivo napravo za &lt;b&gt;vsakodnevne naloge&lt;\/b&gt; in &lt;b&gt;zahtevnej\u0161a opravila&lt;\/b&gt;. Uporabniki, ki cenijo kakovost, zanesljivost in zmogljivost, bodo navdu\u0161eni nad tem modelom.<\/p>\n<p>&lt;H2&gt;Mo\u017enosti nadgradnje&lt;\/H2&gt;<br \/>\nLenovo ThinkPad T14s se pona\u0161a z mo\u017enostjo nadgradnje pomnilnika in diska, kar omogo\u010da pridobitev \u0161e ve\u010dje zmogljivosti po potrebi. &lt;b&gt;Pred izvedbo nadgradnje se vedno posvetujte s strokovnjakom.&lt;\/b&gt;<\/p>\n<p>&lt;H2&gt;Zakaj izbrati obnovljeno napravo&lt;\/H2&gt;<br \/>\nNakup obnovljene naprave je pametna odlo\u010ditev zaradi ve\u010d razlogov. Vsak ThinkPad T14s je strokovno obnovljen in preverjen s standardiziranim sistemom kakovostnih ocen, kar zagotavlja odli\u010dno funkcionalnost in dolgo \u017eivljenjsko dobo. Poleg tega prispeva k trajnostni uporabi tehnologije, s \u010dimer zmanj\u0161uje elektronske odpadke. U\u017eivajte v vrhunski tehnologiji po dostopnej\u0161i ceni, hkrati pa prispevajte k bolj trajnostni prihodnosti.&lt;h2&gt;A Kakovost&lt;\/h2&gt;&#13;<br \/>\n&lt;p&gt;Rahli znaki obrabe. Nadpovpre\u010dna kvaliteta. Ohi\u0161je lahko vsebuje minimalne nepravilnosti, kot je praska, ki je nevidna na razdalji 50 cm (pribli\u017eno dol\u017eina roke) ali ve\u010d. Zasloni so v delujo\u010dem stanju brezhibni.&lt;\/p&gt;&#13;<\/p>\n","protected":false},"excerpt":{"rendered":"<p>Intel\u00ae Core\u2122 i5-10210U \/ 1.60 GHz \/ Quad-Core \/ 4.20 GHz TurboBoost, 8 GB DDR4 SODIMM, 256 GB NVME SSD, 35,6 cm (14,0\u2033), Matiran (AntiGlare, matt), FHD 1920 x 1080, Intel UHD Graphics, HDMI, USB-C, Thunderbolt, 2x USB, backlit_kb, bluetooth, No OS Installed &#8211; Win10P COA<\/p>\n","protected":false},"featured_media":87425,"template":"","meta":[],"product_brand":[18],"product_cat":[1299,1204,1291,1964,1959,1286,1224],"product_tag":[1811],"class_list":{"0":"post-97899","1":"product","2":"type-product","3":"status-publish","4":"has-post-thumbnail","6":"product_brand-lenovo","7":"product_cat-lenovo-prenosniki","8":"product_cat-prenosniki","9":"product_cat-prenosniki-i5","10":"product_cat-prenosniki-ultrabook","11":"product_cat-prenosniki-za-poslovno-uporabo","12":"product_cat-priljubljena-iskanja","13":"product_cat-rabljeni-prenosniki","14":"product_tag-pp","15":"pa_odgovorna-oseba-v-eu-lenovo-tehnicna-regulativna-ekipa","17":"first","18":"instock","19":"taxable","20":"shipping-taxable","21":"purchasable","22":"product-type-simple"},"_links":{"self":[{"href":"https:\/\/pracek.si\/racunalniskatrgovina\/wp-json\/wp\/v2\/product\/97899","targetHints":{"allow":["GET"]}}],"collection":[{"href":"https:\/\/pracek.si\/racunalniskatrgovina\/wp-json\/wp\/v2\/product"}],"about":[{"href":"https:\/\/pracek.si\/racunalniskatrgovina\/wp-json\/wp\/v2\/types\/product"}],"version-history":[{"count":1,"href":"https:\/\/pracek.si\/racunalniskatrgovina\/wp-json\/wp\/v2\/product\/97899\/revisions"}],"predecessor-version":[{"id":97900,"href":"https:\/\/pracek.si\/racunalniskatrgovina\/wp-json\/wp\/v2\/product\/97899\/revisions\/97900"}],"wp:featuredmedia":[{"embeddable":true,"href":"https:\/\/pracek.si\/racunalniskatrgovina\/wp-json\/wp\/v2\/media\/87425"}],"wp:attachment":[{"href":"https:\/\/pracek.si\/racunalniskatrgovina\/wp-json\/wp\/v2\/media?parent=97899"}],"wp:term":[{"taxonomy":"product_brand","embeddable":true,"href":"https:\/\/pracek.si\/racunalniskatrgovina\/wp-json\/wp\/v2\/product_brand?post=97899"},{"taxonomy":"product_cat","embeddable":true,"href":"https:\/\/pracek.si\/racunalniskatrgovina\/wp-json\/wp\/v2\/product_cat?post=97899"},{"taxonomy":"product_tag","embeddable":true,"href":"https:\/\/pracek.si\/racunalniskatrgovina\/wp-json\/wp\/v2\/product_tag?post=97899"}],"curies":[{"name":"wp","href":"https:\/\/api.w.org\/{rel}","templated":true}]}}