{"id":97927,"date":"2026-04-04T10:14:18","date_gmt":"2026-04-04T09:14:18","guid":{"rendered":"https:\/\/pracek.si\/racunalniskatrgovina\/izdelek\/prenosnik-lenovo-thinkpad-l14-g2-i5-ram-8-gb-ssd-disk-140%e2%80%b3-fhd-2\/"},"modified":"2026-04-04T10:14:24","modified_gmt":"2026-04-04T09:14:24","slug":"prenosnik-lenovo-thinkpad-l14-g2-i5-ram-8-gb-ssd-disk-140%e2%80%b3-fhd-2","status":"publish","type":"product","link":"https:\/\/pracek.si\/racunalniskatrgovina\/izdelek\/prenosnik-lenovo-thinkpad-l14-g2-i5-ram-8-gb-ssd-disk-140%e2%80%b3-fhd-2\/","title":{"rendered":"Prenosnik Lenovo ThinkPad L14 G2 \/ i5 \/ RAM 8 GB \/ SSD Disk \/ 14,0\u2033 FHD"},"content":{"rendered":"<p>Lenovo ThinkPad L14 G2 je zmogljiv prenosnik, zasnovan za uporabnike, ki i\u0161\u010dejo zanesljivo napravo za vsakodnevno delo ali \u0161tudij. Njegovo kompaktno ohi\u0161je skriva \u0161tevilne funkcije, ki zagotavljajo odli\u010dno uporabni\u0161ko izku\u0161njo.<\/p>\n<p>&lt;H2&gt;Najve\u010dje prednosti&lt;\/H2&gt;<br \/>\n&lt;ul&gt;<br \/>\n&lt;li&gt;&lt;b&gt;Kompakten in lahek dizajn:&lt;\/b&gt; S 35,6 cm (14,0&quot;) zaslonom je idealen za delo na poti.&lt;\/li&gt;<br \/>\n&lt;li&gt;&lt;b&gt;Matiran FHD zaslon:&lt;\/b&gt; Mat povr\u0161ina zmanj\u0161a ble\u0161\u010danje, kar omogo\u010da udobno delo tudi v svetlej\u0161ih okoljih.&lt;\/li&gt;<br \/>\n&lt;li&gt;&lt;b&gt;Izjemna zmogljivost:&lt;\/b&gt; Z I5 procesorjem in NVMe SSD je poskrbljeno za hitro in brezhibno delovanje.&lt;\/li&gt;<br \/>\n&lt;li&gt;&lt;b&gt;Raz\u0161irljive mo\u017enosti povezovanja:&lt;\/b&gt; Vklju\u010duje HDMI, USB-C, Thunderbolt in \u0161e ve\u010d, kar pove\u010da fleksibilnost naprave.&lt;\/li&gt;<br \/>\n&lt;\/ul&gt;<\/p>\n<p>&lt;H2&gt;Kdo kupuje ta izdelek&lt;\/H2&gt;<br \/>\nThinkPad L14 G2 je odli\u010dna izbira za poslovne\u017ee, \u0161tudente in vse, ki potrebujejo zanesljivo in zmogljivo napravo. Zaradi svoje robustnosti in zmogljivosti ga cenijo tudi uporabniki, ki pogosto potujejo ali za delo uporabljajo ve\u010d programov hkrati.<\/p>\n<p>&lt;H2&gt;Mo\u017enosti nadgradnje&lt;\/H2&gt;<br \/>\nLenovo ThinkPad L14 G2 omogo\u010da enostavno nadgradnjo pomnilnika in diska, kar pomeni, da lahko prilagodite napravo va\u0161im potrebam in podalj\u0161ate njeno \u017eivljenjsko dobo. &lt;b&gt;Pred izvedbo nadgradnje se vedno posvetujte s strokovnjakom.&lt;\/b&gt;<\/p>\n<p>&lt;H2&gt;Zakaj izbrati obnovljeno napravo&lt;\/H2&gt;<br \/>\nIzbira obnovljenega Lenovo ThinkPad L14 G2 je pametna odlo\u010ditev iz ve\u010d razlogov. Poleg prihrankov, ki jih prina\u0161a, skrbite tudi za okolje, saj zmanj\u0161ujete elektronski odpad, hkrati pa prejemate izdelek, ki je preverjen in obnovljen po najvi\u0161jih standardih kakovosti. Obnovljene naprave so pregledane s strani strokovnjakov, kar zagotavlja optimalno delovanje. Standardiziran sistem kakovostnih ocen dodatno potrjuje, da bo prenosnik zadovoljil \u0161irok spekter potreb uporabnikov.&lt;h2&gt;A- Kakovost&lt;\/h2&gt;&#13;<br \/>\n&lt;p&gt;Znaki obrabe. Najbolj\u0161e razmerje med kvaliteto in ceno. Ohi\u0161je lahko vsebuje manj\u0161e nepravilnosti, kot so vidne praske, ki pa ne vplivajo na delovanje naprave. Zasloni imajo lahko rahle nepravilnosti, ki so nekoliko opazne, vendar ne motijo uporabni\u0161ke izku\u0161nje.&lt;\/p&gt;<\/p>\n","protected":false},"excerpt":{"rendered":"<p>Intel Core i5 -1135G7 Processor 2.4 GHz (8M Cache, up to 4.2 GHz, 4 cores), 8 GB DDR4 SODIMM, 256 GB NVME SSD, 35,6 cm (14,0\u2033), Matiran (AntiGlare, matt), FHD 1920 x 1080, Intel Iris Xe Graphics, HDMI, USB-C, Thunderbolt, 2x USB, Card reader, No OS Installed &#8211; Win10P COA<\/p>\n","protected":false},"featured_media":101180,"template":"","meta":[],"product_brand":[18],"product_cat":[1299,1204,1291,1958,1959,1286,1224],"product_tag":[1811],"class_list":{"0":"post-97927","1":"product","2":"type-product","3":"status-publish","4":"has-post-thumbnail","6":"product_brand-lenovo","7":"product_cat-lenovo-prenosniki","8":"product_cat-prenosniki","9":"product_cat-prenosniki-i5","10":"product_cat-prenosniki-za-domaco-uporabo","11":"product_cat-prenosniki-za-poslovno-uporabo","12":"product_cat-priljubljena-iskanja","13":"product_cat-rabljeni-prenosniki","14":"product_tag-pp","15":"pa_odgovorna-oseba-v-eu-lenovo-tehnicna-regulativna-ekipa","17":"first","18":"instock","19":"taxable","20":"shipping-taxable","21":"purchasable","22":"product-type-simple"},"_links":{"self":[{"href":"https:\/\/pracek.si\/racunalniskatrgovina\/wp-json\/wp\/v2\/product\/97927","targetHints":{"allow":["GET"]}}],"collection":[{"href":"https:\/\/pracek.si\/racunalniskatrgovina\/wp-json\/wp\/v2\/product"}],"about":[{"href":"https:\/\/pracek.si\/racunalniskatrgovina\/wp-json\/wp\/v2\/types\/product"}],"version-history":[{"count":1,"href":"https:\/\/pracek.si\/racunalniskatrgovina\/wp-json\/wp\/v2\/product\/97927\/revisions"}],"predecessor-version":[{"id":97928,"href":"https:\/\/pracek.si\/racunalniskatrgovina\/wp-json\/wp\/v2\/product\/97927\/revisions\/97928"}],"wp:featuredmedia":[{"embeddable":true,"href":"https:\/\/pracek.si\/racunalniskatrgovina\/wp-json\/wp\/v2\/media\/101180"}],"wp:attachment":[{"href":"https:\/\/pracek.si\/racunalniskatrgovina\/wp-json\/wp\/v2\/media?parent=97927"}],"wp:term":[{"taxonomy":"product_brand","embeddable":true,"href":"https:\/\/pracek.si\/racunalniskatrgovina\/wp-json\/wp\/v2\/product_brand?post=97927"},{"taxonomy":"product_cat","embeddable":true,"href":"https:\/\/pracek.si\/racunalniskatrgovina\/wp-json\/wp\/v2\/product_cat?post=97927"},{"taxonomy":"product_tag","embeddable":true,"href":"https:\/\/pracek.si\/racunalniskatrgovina\/wp-json\/wp\/v2\/product_tag?post=97927"}],"curies":[{"name":"wp","href":"https:\/\/api.w.org\/{rel}","templated":true}]}}