{"id":98103,"date":"2026-04-04T10:14:44","date_gmt":"2026-04-04T09:14:44","guid":{"rendered":"https:\/\/pracek.si\/racunalniskatrgovina\/izdelek\/tablica-acer-iconia-x12-mt8781\/"},"modified":"2026-04-04T10:14:44","modified_gmt":"2026-04-04T09:14:44","slug":"tablica-acer-iconia-x12-mt8781","status":"publish","type":"product","link":"https:\/\/pracek.si\/racunalniskatrgovina\/izdelek\/tablica-acer-iconia-x12-mt8781\/","title":{"rendered":"Tablica Acer Iconia X12 MT8781"},"content":{"rendered":"<p>60,96 cm (24&quot;), static contrast:  \/ dynamic contrast: , 400cd\/m2, 178\u00b0 \/ 178\u00b0&lt;h2&gt;Odprta embala\u017ea&lt;\/h2&gt;&#13;<br \/>\n&lt;p&gt;Skoraj nobenih znakov obrabe. Tovarni\u0161ka kvaliteta. V ve\u010dini primerov gre za prese\u017eek proizvodnje in neprodane zaloge, pri katerih razlike v primerjavi z novimi napravami niso opazne.&lt;\/p&gt;&#13;<\/p>\n","protected":false},"excerpt":{"rendered":"<p>Intel\u00ae Core\u2122 i5-13420H \/ 2,1 &#8211; 3,4 GHz \/ Octa-Core (4C+4c\/12T) \/ Turbo Speed 4,6 GHz, 8 GB Onboard, 256 GB Onboard, 32 cm (12,6&#8243;), Sijajni (BrightView, gloss), Touch, WQXGA \/ 2560&#215;1600, MediaTek Graphics (IGP), USB-C, bluetooth, Android 14<\/p>\n","protected":false},"featured_media":98105,"template":"","meta":[],"product_brand":[28],"product_cat":[1239],"product_tag":[1811],"class_list":{"0":"post-98103","1":"product","2":"type-product","3":"status-publish","4":"has-post-thumbnail","6":"product_brand-acer","7":"product_cat-tablice-in-telefoni","8":"product_tag-pp","9":"pa_odgovorna-oseba-v-eu-acer-tehnicna-regulativna-ekipa","11":"first","12":"instock","13":"taxable","14":"shipping-taxable","15":"purchasable","16":"product-type-simple"},"_links":{"self":[{"href":"https:\/\/pracek.si\/racunalniskatrgovina\/wp-json\/wp\/v2\/product\/98103","targetHints":{"allow":["GET"]}}],"collection":[{"href":"https:\/\/pracek.si\/racunalniskatrgovina\/wp-json\/wp\/v2\/product"}],"about":[{"href":"https:\/\/pracek.si\/racunalniskatrgovina\/wp-json\/wp\/v2\/types\/product"}],"version-history":[{"count":3,"href":"https:\/\/pracek.si\/racunalniskatrgovina\/wp-json\/wp\/v2\/product\/98103\/revisions"}],"predecessor-version":[{"id":101413,"href":"https:\/\/pracek.si\/racunalniskatrgovina\/wp-json\/wp\/v2\/product\/98103\/revisions\/101413"}],"wp:featuredmedia":[{"embeddable":true,"href":"https:\/\/pracek.si\/racunalniskatrgovina\/wp-json\/wp\/v2\/media\/98105"}],"wp:attachment":[{"href":"https:\/\/pracek.si\/racunalniskatrgovina\/wp-json\/wp\/v2\/media?parent=98103"}],"wp:term":[{"taxonomy":"product_brand","embeddable":true,"href":"https:\/\/pracek.si\/racunalniskatrgovina\/wp-json\/wp\/v2\/product_brand?post=98103"},{"taxonomy":"product_cat","embeddable":true,"href":"https:\/\/pracek.si\/racunalniskatrgovina\/wp-json\/wp\/v2\/product_cat?post=98103"},{"taxonomy":"product_tag","embeddable":true,"href":"https:\/\/pracek.si\/racunalniskatrgovina\/wp-json\/wp\/v2\/product_tag?post=98103"}],"curies":[{"name":"wp","href":"https:\/\/api.w.org\/{rel}","templated":true}]}}