{"id":98178,"date":"2026-04-04T10:14:44","date_gmt":"2026-04-04T09:14:44","guid":{"rendered":"https:\/\/pracek.si\/racunalniskatrgovina\/izdelek\/prenosnik-hp-elite-x360-1040-g10-i7-1355u-touch-w11-pro-i7-ram-16-gb-ssd-disk-140%e2%80%b3-wuxga\/"},"modified":"2026-04-04T10:14:46","modified_gmt":"2026-04-04T09:14:46","slug":"prenosnik-hp-elite-x360-1040-g10-i7-1355u-touch-w11-pro-i7-ram-16-gb-ssd-disk-140%e2%80%b3-wuxga","status":"publish","type":"product","link":"https:\/\/pracek.si\/racunalniskatrgovina\/izdelek\/prenosnik-hp-elite-x360-1040-g10-i7-1355u-touch-w11-pro-i7-ram-16-gb-ssd-disk-140%e2%80%b3-wuxga\/","title":{"rendered":"Prenosnik HP Elite x360 1040 G10 | i7-1355U | Touch | W11 Pro \/ i7 \/ RAM 16 GB \/ SSD Disk \/ 14,0\u2033 WUXGA"},"content":{"rendered":"<p>Prenosnik HP Elite x360 1040 G10 se pona\u0161a z elegantnim dizajnom in vrhunsko zmogljivostjo, ki prina\u0161a izjemno uporabni\u0161ko izku\u0161njo. S prilagodljivostjo zaslona na dotik in kakovostno tehnologijo prikaza je idealen spremljevalec za delo in zabavo.<\/p>\n<p>&lt;H2&gt;Najve\u010dje prednosti&lt;\/H2&gt;<br \/>\n&lt;ul&gt;<br \/>\n  &lt;li&gt;Vsestranska uporaba zahvaljujo\u010d zaslonu na dotik in vrtljivemu dizajnu&lt;\/li&gt;<br \/>\n  &lt;li&gt;Ozek rob zaslona in lo\u010dljivost WUXGA zagotavljata kristalno \u010diste slike&lt;\/li&gt;<br \/>\n  &lt;li&gt;Shranjevanje podatkov je hitro in zanesljivo, saj disk temelji na tehnologiji &lt;b&gt;NVMe&lt;\/b&gt;, ki omogo\u010da snemanje in dostop do podatkov z izjemno hitrostjo&lt;\/li&gt;<br \/>\n  &lt;li&gt;Pove\u010dana povezljivost z vmesniki HDMI 2.1, Thunderbolt 4 in Wi-Fi 6E&lt;\/li&gt;<br \/>\n  &lt;li&gt;Varnostne funkcije, vklju\u010dno s \u010ditalcem prstnih odtisov, zagotavljajo dodatno za\u0161\u010dito&lt;\/li&gt;<br \/>\n  &lt;li&gt;Optimalna osvetlitev tipkovnice omogo\u010da delo v razli\u010dnih svetlobnih pogojih&lt;\/li&gt;<br \/>\n&lt;\/ul&gt;<\/p>\n<p>&lt;H2&gt;Kdo kupuje ta izdelek&lt;\/H2&gt;<br \/>\nHP Elite x360 1040 G10 je popoln izbor za profesionalce, \u0161tudente in poslovne uporabnike, ki potrebujejo zanesljivo napravo za delo ali izobra\u017eevanje. Njegova prenosljivost in vzdr\u017eljivost sta idealni za vsakogar, ki je pogosto na poti ali dela v me\u0161anem delovnem okolju. Prav tako je primeren za ustvarjalce vsebin, zahvaljujo\u010d kakovostni grafiki in zmogljivostim.<\/p>\n<p>&lt;H2&gt;Mo\u017enosti nadgradnje&lt;\/H2&gt;<br \/>\nPrenosnik omogo\u010da nadgradnjo diska in pomnilnika, kar zagotavlja, da ostane konkuren\u010den tudi ob pove\u010danih delovnih zahtevah. &lt;b&gt;Pred izvedbo nadgradnje se vedno posvetujte s strokovnjakom.&lt;\/b&gt;<\/p>\n<p>&lt;H2&gt;Zakaj izbrati obnovljeno napravo&lt;\/H2&gt;<br \/>\nIzbira obnovljenega HP Elite x360 1040 G10 pomeni pridobitev visokokakovostne naprave po ugodnej\u0161i ceni. Prenosnik je skrbno obnovljen s strokovno storitvijo in preizku\u0161en po standardiziranem sistemu kakovostnih ocen za zagotovitev, da izpolnjuje visoke standarde zmogljivosti in zanesljivosti. Poleg tega prispeva k bolj trajnostni potro\u0161nji z zmanj\u0161evanjem elektronskih odpadkov in podpira okoljski vidik odgovornega nakupovanja.&lt;h2&gt;Odprta embala\u017ea&lt;\/h2&gt;&#13;<br \/>\n&lt;p&gt;Skoraj nobenih znakov obrabe. Tovarni\u0161ka kvaliteta. V ve\u010dini primerov gre za prese\u017eek proizvodnje in neprodane zaloge, pri katerih razlike v primerjavi z novimi napravami niso opazne.&lt;\/p&gt;&#13;<\/p>\n","protected":false},"excerpt":{"rendered":"<p>Intel Core i7-1355U (1,70 GHz), 16 GB LPDDR5-6400, SSD 1 TB M.2 PCIe NVMe, 35,6 cm (14,0\u2033)\u00a0WUXGA (1920&#215;1200) Multi-Touch BV LED 60 Hz, Intel Iris Xe Graphics (IGP), HDMI 2.1, 2x Thunderbolt 4 (USB-C\/DisplayPort &#8211; 40Gbps), 2x USB-A 3.2 Gen1 (5Gbps),\u00a0Wi-Fi 6E AX211 (2&#215;2), Bluetooth,Webcam 5.3, Fingerprint, No Active Pen, Backlit kbd., Microsoft Windows 11 Pro (64-bit)<\/p>\n","protected":false},"featured_media":98180,"template":"","meta":[],"product_brand":[26],"product_cat":[1296,1204,1297,1964,1959,1286],"product_tag":[1811],"class_list":{"0":"post-98178","1":"product","2":"type-product","3":"status-publish","4":"has-post-thumbnail","6":"product_brand-hewlett-packard","7":"product_cat-hp-prenosniki","8":"product_cat-prenosniki","9":"product_cat-prenosniki-i7","10":"product_cat-prenosniki-ultrabook","11":"product_cat-prenosniki-za-poslovno-uporabo","12":"product_cat-priljubljena-iskanja","13":"product_tag-pp","14":"pa_odgovorna-oseba-v-eu-hp-tehnicna-regulativna-ekipa","16":"first","17":"instock","18":"taxable","19":"shipping-taxable","20":"purchasable","21":"product-type-simple"},"_links":{"self":[{"href":"https:\/\/pracek.si\/racunalniskatrgovina\/wp-json\/wp\/v2\/product\/98178","targetHints":{"allow":["GET"]}}],"collection":[{"href":"https:\/\/pracek.si\/racunalniskatrgovina\/wp-json\/wp\/v2\/product"}],"about":[{"href":"https:\/\/pracek.si\/racunalniskatrgovina\/wp-json\/wp\/v2\/types\/product"}],"version-history":[{"count":1,"href":"https:\/\/pracek.si\/racunalniskatrgovina\/wp-json\/wp\/v2\/product\/98178\/revisions"}],"predecessor-version":[{"id":98179,"href":"https:\/\/pracek.si\/racunalniskatrgovina\/wp-json\/wp\/v2\/product\/98178\/revisions\/98179"}],"wp:featuredmedia":[{"embeddable":true,"href":"https:\/\/pracek.si\/racunalniskatrgovina\/wp-json\/wp\/v2\/media\/98180"}],"wp:attachment":[{"href":"https:\/\/pracek.si\/racunalniskatrgovina\/wp-json\/wp\/v2\/media?parent=98178"}],"wp:term":[{"taxonomy":"product_brand","embeddable":true,"href":"https:\/\/pracek.si\/racunalniskatrgovina\/wp-json\/wp\/v2\/product_brand?post=98178"},{"taxonomy":"product_cat","embeddable":true,"href":"https:\/\/pracek.si\/racunalniskatrgovina\/wp-json\/wp\/v2\/product_cat?post=98178"},{"taxonomy":"product_tag","embeddable":true,"href":"https:\/\/pracek.si\/racunalniskatrgovina\/wp-json\/wp\/v2\/product_tag?post=98178"}],"curies":[{"name":"wp","href":"https:\/\/api.w.org\/{rel}","templated":true}]}}