{"id":99391,"date":"2026-04-04T10:14:27","date_gmt":"2026-04-04T09:14:27","guid":{"rendered":"https:\/\/pracek.si\/racunalniskatrgovina\/izdelek\/racunalnik-hp-proone-240-g10-aio-i5-1334u-i5-ram-16-gb-ssd-disk-2\/"},"modified":"2026-04-04T10:14:34","modified_gmt":"2026-04-04T09:14:34","slug":"racunalnik-hp-proone-240-g10-aio-i5-1334u-i5-ram-16-gb-ssd-disk","status":"publish","type":"product","link":"https:\/\/pracek.si\/racunalniskatrgovina\/izdelek\/racunalnik-hp-proone-240-g10-aio-i5-1334u-i5-ram-16-gb-ssd-disk\/","title":{"rendered":"Ra\u010dunalnik HP ProOne 240 G10 AiO | i5-1334U \/ i5 \/ RAM 16 GB \/ SSD Disk"},"content":{"rendered":"<p>HP ProOne 240 G10 AiO predstavlja popolno ravnovesje med funkcionalnostjo in estetskim dizajnom. S moderno obliko, ki vsebuje vse potrebne komponente v kompaktni enoti, ta ra\u010dunalnik zagotavlja izjemno uporabni\u0161ko izku\u0161njo. Idealen je za tako doma\u010do kot poslovno uporabo, saj nudi zanesljive zmogljivosti in \u0161tevilne prednosti.<\/p>\n<p>&lt;H2&gt;Najve\u010dje prednosti&lt;\/H2&gt;<br \/>\n&lt;ul&gt;<br \/>\n    &lt;li&gt;Eleganten in kompakten dizajn z integriranim 60,5 cm (23,8&quot;) FHD zaslonom&lt;\/li&gt;<br \/>\n    &lt;li&gt;Visoka zmogljivost s procesorjem I5 in hitrim &lt;b&gt;NVMe SSD&lt;\/b&gt;&lt;\/li&gt;<br \/>\n    &lt;li&gt;Napreden Intel Iris Xe Graphics za grafi\u010dne naloge&lt;\/li&gt;<br \/>\n    &lt;li&gt;Strokovno obnovljene naprave v skladu s standardi kakovosti&lt;\/li&gt;<br \/>\n    &lt;li&gt;Vrhunska povezljivost z Wi-Fi 6 in Bluetooth 5.3&lt;\/li&gt;<br \/>\n&lt;\/ul&gt;<\/p>\n<p>&lt;H2&gt;Kdo kupuje ta izdelek&lt;\/H2&gt;<br \/>\nRa\u010dunalnik HP ProOne 240 G10 AiO je namenjen uporabnikom, ki i\u0161\u010dejo zanesljivo re\u0161itev za vsakodnevne opravke, bodisi v pisarni bodisi doma. Pogosto se za to napravo odlo\u010dajo podjetniki, ki potrebujejo stabilno delovno okolje, pa tudi \u0161tudenti in dru\u017eine, ki \u017eelijo napravo, ki jo odlikujejo zmogljivosti, zanesljivost in enostavnost uporabe.<\/p>\n<p>&lt;H2&gt;Mo\u017enosti nadgradnje&lt;\/H2&gt;<br \/>\nKer je HP ProOne 240 G10 AiO mogo\u010de nadgraditi, ga lahko prilagodite svojim potrebam. Nadgradljivost pomnilnika in diska pomeni, da se lahko ta naprava razvija skupaj z va\u0161imi zahtevami. &lt;b&gt;Pred izvedbo nadgradnje se vedno posvetujte s strokovnjakom.&lt;\/b&gt;<\/p>\n<p>&lt;H2&gt;Zakaj izbrati obnovljeno napravo&lt;\/H2&gt;<br \/>\nZ izbiro strokovno obnovljene naprave prispevate k trajnostni rabi virov, saj podpirate kro\u017eno gospodarstvo. Obnovljeni ra\u010dunalniki so preizku\u0161eni v skladu z visokimi standardi kakovosti, kar zagotavlja zanesljivost in dolgotrajno uporabo. Poleg tega ponujajo odli\u010dno razmerje med ceno in vrednostjo. Tak\u0161na izbira ni le odgovorna, temve\u010d tudi pametna investicija v u\u010dinkovitej\u0161o prihodnost.&lt;h2&gt;Odprta embala\u017ea&lt;\/h2&gt;&#13;<br \/>\n&lt;p&gt;Skoraj nobenih znakov obrabe. Tovarni\u0161ka kvaliteta. V ve\u010dini primerov gre za prese\u017eek proizvodnje in neprodane zaloge, pri katerih razlike v primerjavi z novimi napravami niso opazne.&lt;\/p&gt;&#13;<\/p>\n","protected":false},"excerpt":{"rendered":"<p>Intel Core i5-1334U (1,3 GHz), 16\u00a0GB DDR4-3200, SSD 512\u00a0GB PCIe NVMe, Intel Iris Xe Graphics (IGP), Wi-Fi 6 (802.11ax), Bluetooth 5.3, Webcam, 60,5 cm (23,8&#8243;) FHD (1920&#215;1080) AG LED, HDMI, 1x USB-C 3.2 Gen1 (5Gbps), 2x USB-A 3.2 Gen2 (5Gbps), 2x USB-A 2.0,\u00a0Microsoft Windows 10 Pro (64-bit)<\/p>\n","protected":false},"featured_media":100331,"template":"","meta":[],"product_brand":[26],"product_cat":[1287,1286,1218,1288],"product_tag":[1811],"class_list":{"0":"post-99391","1":"product","2":"type-product","3":"status-publish","4":"has-post-thumbnail","6":"product_brand-hewlett-packard","7":"product_cat-hp-racunalniki","8":"product_cat-priljubljena-iskanja","9":"product_cat-racunalniki","10":"product_cat-racunalniki-i7","11":"product_tag-pp","12":"pa_odgovorna-oseba-v-eu-hp-tehnicna-regulativna-ekipa","14":"first","15":"instock","16":"taxable","17":"shipping-taxable","18":"purchasable","19":"product-type-simple"},"_links":{"self":[{"href":"https:\/\/pracek.si\/racunalniskatrgovina\/wp-json\/wp\/v2\/product\/99391","targetHints":{"allow":["GET"]}}],"collection":[{"href":"https:\/\/pracek.si\/racunalniskatrgovina\/wp-json\/wp\/v2\/product"}],"about":[{"href":"https:\/\/pracek.si\/racunalniskatrgovina\/wp-json\/wp\/v2\/types\/product"}],"version-history":[{"count":1,"href":"https:\/\/pracek.si\/racunalniskatrgovina\/wp-json\/wp\/v2\/product\/99391\/revisions"}],"predecessor-version":[{"id":99392,"href":"https:\/\/pracek.si\/racunalniskatrgovina\/wp-json\/wp\/v2\/product\/99391\/revisions\/99392"}],"wp:featuredmedia":[{"embeddable":true,"href":"https:\/\/pracek.si\/racunalniskatrgovina\/wp-json\/wp\/v2\/media\/100331"}],"wp:attachment":[{"href":"https:\/\/pracek.si\/racunalniskatrgovina\/wp-json\/wp\/v2\/media?parent=99391"}],"wp:term":[{"taxonomy":"product_brand","embeddable":true,"href":"https:\/\/pracek.si\/racunalniskatrgovina\/wp-json\/wp\/v2\/product_brand?post=99391"},{"taxonomy":"product_cat","embeddable":true,"href":"https:\/\/pracek.si\/racunalniskatrgovina\/wp-json\/wp\/v2\/product_cat?post=99391"},{"taxonomy":"product_tag","embeddable":true,"href":"https:\/\/pracek.si\/racunalniskatrgovina\/wp-json\/wp\/v2\/product_tag?post=99391"}],"curies":[{"name":"wp","href":"https:\/\/api.w.org\/{rel}","templated":true}]}}