{"id":99839,"date":"2026-04-04T10:14:37","date_gmt":"2026-04-04T09:14:37","guid":{"rendered":"https:\/\/pracek.si\/racunalniskatrgovina\/izdelek\/racunalnik-hp-proone-240-g10-aio-i7-1355u-i7-ram-16-gb-ssd-disk-3\/"},"modified":"2026-04-04T10:14:38","modified_gmt":"2026-04-04T09:14:38","slug":"racunalnik-hp-proone-240-g10-aio-i7-1355u-i7-ram-16-gb-ssd-disk-2","status":"publish","type":"product","link":"https:\/\/pracek.si\/racunalniskatrgovina\/izdelek\/racunalnik-hp-proone-240-g10-aio-i7-1355u-i7-ram-16-gb-ssd-disk-2\/","title":{"rendered":"Ra\u010dunalnik HP ProOne 240 G10 AiO | i7-1355U \/ i7 \/ RAM 16 GB \/ SSD Disk"},"content":{"rendered":"<p>HP ProOne 240 G10 AiO zdru\u017euje elegantno obliko in napredne tehni\u010dne lastnosti, ki jih potrebujejo dana\u0161nji uporabniki za u\u010dinkovito delo. Ta kompakten ra\u010dunalnik nudi odli\u010dne zmogljivosti v privla\u010dni obliki vse-v-enem.<\/p>\n<p>&lt;H2&gt;Najve\u010dje prednosti&lt;\/H2&gt;<br \/>\nHP ProOne 240 G10 AiO prina\u0161a \u0161tevilne prednosti:<br \/>\n&lt;ul&gt;<br \/>\n  &lt;li&gt;&lt;b&gt;Eleganten in kompakten dizajn&lt;\/b&gt;: Registrira minimalen prostor in eleganten videz, ki se zlije z vsakim delovnim prostorom.&lt;\/li&gt;<br \/>\n  &lt;li&gt;&lt;b&gt;Zmogljivo delovanje&lt;\/b&gt;: S procesorjem I7 in dinami\u010dnim SSD diskom, ki uporablja tehnologijo NVMe za &lt;b&gt;izjemno hitro obdelavo podatkov&lt;\/b&gt;.&lt;\/li&gt;<br \/>\n  &lt;li&gt;&lt;b&gt;Odli\u010dna povezljivost&lt;\/b&gt;: Pona\u0161a se z najnovej\u0161o Wi-Fi 6 in Bluetooth 5.3 tehnologijo za nemoteno povezljivost.&lt;\/li&gt;<br \/>\n  &lt;li&gt;&lt;b&gt;Kakovosten zaslon&lt;\/b&gt;: 23,8-pal\u010dni FHD LED zaslon zagotavlja kristalno \u010disto sliko.&lt;\/li&gt;<br \/>\n&lt;\/ul&gt;<\/p>\n<p>&lt;H2&gt;Kdo kupuje ta izdelek&lt;\/H2&gt;<br \/>\nRa\u010dunalnik HP ProOne 240 G10 AiO je idealna izbira za poslovne uporabnike, ki cenijo &lt;b&gt;u\u010dinkovitost&lt;\/b&gt; in obliko, ter za doma\u010de uporabnike, ki \u017eelijo &lt;b&gt;zanesljiv in zmogljiv sistem&lt;\/b&gt; za vsakodnevna opravila. Namenjen je tudi tistim, ki potrebujejo zmogljivo delovno postajo za kreativne projekte ali naloge, ki zahtevajo veliko procesorske mo\u010di.<\/p>\n<p>&lt;H2&gt;Mo\u017enosti nadgradnje&lt;\/H2&gt;<br \/>\nObstoje\u010de mo\u017enosti za nadgradnjo omogo\u010dajo, da ga prilagodite natan\u010dno po svojih potrebah, kar vklju\u010duje nadgradnje diska in pomnilnika. &lt;i&gt;Pred izvedbo nadgradnje se vedno posvetujte s strokovnjakom.&lt;\/i&gt; Ta prilagodljivost zagotavlja, da ra\u010dunalnik ostane relevanten in zmogljiv skozi \u010das ter lahko raste z va\u0161imi potrebami.<\/p>\n<p>&lt;H2&gt;Zakaj izbrati obnovljeno napravo&lt;\/H2&gt;<br \/>\nIzbira obnovljene naprave prina\u0161a \u0161tevilne prednosti. Ra\u010dunalnik HP ProOne 240 G10 AiO je bil strokovno obnovljen, skozi standardiziran sistem kakovostnih ocen, kar zagotavlja njegovo &lt;b&gt;zanesljivost in funkcionalnost skoraj kot nova naprava&lt;\/b&gt;. Odlo\u010ditev za obnovljeno napravo je tudi okolju prijazna, saj zmanj\u0161uje vpliv elektronskih odpadkov. Ob tem pa ponuja &lt;b&gt;odli\u010dno razmerje med ceno in kakovostjo&lt;\/b&gt; ter omogo\u010da dostop do napredne tehnologije po dostopni ceni.&lt;h2&gt;Odprta embala\u017ea&lt;\/h2&gt;&#13;<br \/>\n&lt;p&gt;Skoraj nobenih znakov obrabe. Tovarni\u0161ka kvaliteta. V ve\u010dini primerov gre za prese\u017eek proizvodnje in neprodane zaloge, pri katerih razlike v primerjavi z novimi napravami niso opazne.&lt;\/p&gt;&#13;<\/p>\n","protected":false},"excerpt":{"rendered":"<p>Intel Core i7-1355U (1,7 GHz), 16 GB\u00a0DDR4-3200, SSD 512 GB PCIe NVMe, Intel Iris Xe Graphics (IGP), Wi-Fi 6, Bluetooth 5.3, 60,5 cm (23,8&#8243;) FHD (1920&#215;1080) AG LED, HDMI 1.4, 1x USB-C 3.2 Gen1 (5Gbps), 2x USB-A 3.2 Gen1\u00a0(5Gbps), 2x USB-A 2.0, FreeDOS<\/p>\n","protected":false},"featured_media":99841,"template":"","meta":[],"product_brand":[26],"product_cat":[1287,1286,1218,1957,1961],"product_tag":[1811],"class_list":{"0":"post-99839","1":"product","2":"type-product","3":"status-publish","4":"has-post-thumbnail","6":"product_brand-hewlett-packard","7":"product_cat-hp-racunalniki","8":"product_cat-priljubljena-iskanja","9":"product_cat-racunalniki","10":"product_cat-racunalniki-za-domaco-uporabo","11":"product_cat-racunalniki-za-poslovno-uporabo","12":"product_tag-pp","13":"pa_odgovorna-oseba-v-eu-hp-tehnicna-regulativna-ekipa","15":"first","16":"instock","17":"taxable","18":"shipping-taxable","19":"purchasable","20":"product-type-simple"},"_links":{"self":[{"href":"https:\/\/pracek.si\/racunalniskatrgovina\/wp-json\/wp\/v2\/product\/99839","targetHints":{"allow":["GET"]}}],"collection":[{"href":"https:\/\/pracek.si\/racunalniskatrgovina\/wp-json\/wp\/v2\/product"}],"about":[{"href":"https:\/\/pracek.si\/racunalniskatrgovina\/wp-json\/wp\/v2\/types\/product"}],"version-history":[{"count":1,"href":"https:\/\/pracek.si\/racunalniskatrgovina\/wp-json\/wp\/v2\/product\/99839\/revisions"}],"predecessor-version":[{"id":99840,"href":"https:\/\/pracek.si\/racunalniskatrgovina\/wp-json\/wp\/v2\/product\/99839\/revisions\/99840"}],"wp:featuredmedia":[{"embeddable":true,"href":"https:\/\/pracek.si\/racunalniskatrgovina\/wp-json\/wp\/v2\/media\/99841"}],"wp:attachment":[{"href":"https:\/\/pracek.si\/racunalniskatrgovina\/wp-json\/wp\/v2\/media?parent=99839"}],"wp:term":[{"taxonomy":"product_brand","embeddable":true,"href":"https:\/\/pracek.si\/racunalniskatrgovina\/wp-json\/wp\/v2\/product_brand?post=99839"},{"taxonomy":"product_cat","embeddable":true,"href":"https:\/\/pracek.si\/racunalniskatrgovina\/wp-json\/wp\/v2\/product_cat?post=99839"},{"taxonomy":"product_tag","embeddable":true,"href":"https:\/\/pracek.si\/racunalniskatrgovina\/wp-json\/wp\/v2\/product_tag?post=99839"}],"curies":[{"name":"wp","href":"https:\/\/api.w.org\/{rel}","templated":true}]}}