{"id":35,"date":"2025-10-18T15:25:50","date_gmt":"2025-10-18T14:25:50","guid":{"rendered":"https:\/\/pracek.si\/servis-telefonov\/?page_id=35"},"modified":"2025-10-18T15:26:57","modified_gmt":"2025-10-18T14:26:57","slug":"cenik","status":"publish","type":"page","link":"https:\/\/pracek.si\/servis-telefonov\/cenik\/","title":{"rendered":"Cenik"},"content":{"rendered":"\n<p>Servisna ura: 35 EUR + DDV (menjava baterije, ekrana, ipd se normalno opravi v 1 uri).<\/p>\n\n\n\n<p>Diagnostika napake (ki se obra\u010duna, \u010de se ne odlo\u010dite za popravilo): 19 EUR + DDV<\/p>\n\n\n\n<p>Za cene rezervnih delov nam prosim po\u0161ljite povpra\u0161evanje &#8211; <a href=\"https:\/\/pracek.si\/servis-telefonov\/kontakt\/\">povezava<\/a>.<\/p>\n","protected":false},"excerpt":{"rendered":"<p>Servisna ura: 35 EUR + DDV (menjava baterije, ekrana, ipd se normalno opravi v 1 uri). Diagnostika napake (ki se obra\u010duna, \u010de se ne odlo\u010dite za popravilo): 19 EUR + DDV Za cene rezervnih delov nam prosim po\u0161ljite povpra\u0161evanje &#8211; povezava.<\/p>\n","protected":false},"author":1,"featured_media":0,"parent":0,"menu_order":0,"comment_status":"closed","ping_status":"closed","template":"","meta":{"footnotes":""},"class_list":["post-35","page","type-page","status-publish","hentry"],"_links":{"self":[{"href":"https:\/\/pracek.si\/servis-telefonov\/wp-json\/wp\/v2\/pages\/35","targetHints":{"allow":["GET"]}}],"collection":[{"href":"https:\/\/pracek.si\/servis-telefonov\/wp-json\/wp\/v2\/pages"}],"about":[{"href":"https:\/\/pracek.si\/servis-telefonov\/wp-json\/wp\/v2\/types\/page"}],"author":[{"embeddable":true,"href":"https:\/\/pracek.si\/servis-telefonov\/wp-json\/wp\/v2\/users\/1"}],"replies":[{"embeddable":true,"href":"https:\/\/pracek.si\/servis-telefonov\/wp-json\/wp\/v2\/comments?post=35"}],"version-history":[{"count":2,"href":"https:\/\/pracek.si\/servis-telefonov\/wp-json\/wp\/v2\/pages\/35\/revisions"}],"predecessor-version":[{"id":37,"href":"https:\/\/pracek.si\/servis-telefonov\/wp-json\/wp\/v2\/pages\/35\/revisions\/37"}],"wp:attachment":[{"href":"https:\/\/pracek.si\/servis-telefonov\/wp-json\/wp\/v2\/media?parent=35"}],"curies":[{"name":"wp","href":"https:\/\/api.w.org\/{rel}","templated":true}]}}