{"id":87,"date":"2025-11-24T09:02:15","date_gmt":"2025-11-24T08:02:15","guid":{"rendered":"https:\/\/pracek.si\/servis-telefonov\/?page_id=87"},"modified":"2025-11-29T15:31:05","modified_gmt":"2025-11-29T14:31:05","slug":"popravilo-ohisja-telefona","status":"publish","type":"page","link":"https:\/\/pracek.si\/servis-telefonov\/popravilo-ohisja-telefona\/","title":{"rendered":"Popravilo ohi\u0161ja telefona"},"content":{"rendered":"<table style=\"width:100%; border-collapse:collapse; text-align:center;\">\n<tr>\n<td style=\"border:1px solid #ccc; padding:10px;\">\n      <a href=\"https:\/\/pracek.si\/servis-telefonov\/\" style=\"text-decoration:underline;\">Ajdov\u0161\u010dina<\/a>\n    <\/td>\n<td style=\"border:1px solid #ccc; padding:10px;\">\n      <a href=\"https:\/\/share.google\/LvT9VzdziwNs0rTRZ\" style=\"text-decoration:underline;\" target=\"_blank\" rel=\"noopener\">Ljubljana<\/a>\n    <\/td>\n<td style=\"border:1px solid #ccc; padding:10px;\">\n      <a href=\"https:\/\/pracek.si\/racunalniski-servis-postojna\/\" style=\"text-decoration:underline;\">Postojna<\/a>\n    <\/td>\n<td style=\"border:1px solid #ccc; padding:10px;\">\n      <a href=\"https:\/\/pracek.si\/servis-telefonov\/servis-telefonov-po-posti\/\" style=\"text-decoration:underline;\">Po po\u0161ti<\/a>\n    <\/td>\n<\/tr>\n<\/table>\n\n\n\n\n<p>Po\u0161kodovano ali razpokano ohi\u0161je ne vpliva le na videz va\u0161ega telefona, ampak lahko ogrozi tudi <strong>notranje komponente<\/strong>, saj vanj la\u017eje prodreta <strong>prah in vlaga<\/strong>. Na servisu <strong>Pra\u010dek.si<\/strong> opravimo <strong>menjavo ohi\u0161ja, zadnjega pokrova ali okvirja<\/strong> za vse znamke telefonov \u2013 <strong>Samsung, Apple, Huawei, Xiaomi, Oppo, OnePlus<\/strong> in druge.<\/p>\n\n\n\n<p>Uporabljamo <strong>originalne ali kakovostne nadomestne dele<\/strong>, da telefon po popravilu izgleda kot nov. Po\u0161kodbe ohi\u0161ja pogosto nastanejo ob <strong>padcu ali upogibu<\/strong>, zato preverimo tudi druge dele naprave, da zagotovimo <strong>popolno delovanje<\/strong>.<\/p>\n\n\n\n<p>Telefon lahko prinesete <strong>osebno v Ajdov\u0161\u010dino, Ljubljano ali Postojno<\/strong>, ali pa ga po\u0161ljete <strong>po po\u0161ti iz kateregakoli dela Slovenije<\/strong>. Popravilo obi\u010dajno zaklju\u010dimo v <strong>enem dnevu<\/strong>.<\/p>\n\n\n\n<figure class=\"wp-block-image aligncenter size-full is-resized\"><a href=\"https:\/\/pracek.si\/servis-telefonov\/kontakt\/#povprasevanje\"><img loading=\"lazy\" decoding=\"async\" width=\"956\" height=\"335\" src=\"https:\/\/pracek.si\/servis-telefonov\/wp-content\/uploads\/2025\/11\/povprasevanje.png\" alt=\"\" class=\"wp-image-91\" style=\"width:385px;height:auto\" srcset=\"https:\/\/pracek.si\/servis-telefonov\/wp-content\/uploads\/2025\/11\/povprasevanje.png 956w, https:\/\/pracek.si\/servis-telefonov\/wp-content\/uploads\/2025\/11\/povprasevanje-300x105.png 300w, https:\/\/pracek.si\/servis-telefonov\/wp-content\/uploads\/2025\/11\/povprasevanje-768x269.png 768w\" sizes=\"auto, (max-width: 956px) 100vw, 956px\" \/><\/a><\/figure>\n","protected":false},"excerpt":{"rendered":"<p>Po\u0161kodovano ali razpokano ohi\u0161je ne vpliva le na videz va\u0161ega telefona, ampak lahko ogrozi tudi notranje komponente, saj vanj la\u017eje prodreta prah in vlaga. Na servisu Pra\u010dek.si opravimo menjavo ohi\u0161ja, zadnjega pokrova ali okvirja za vse znamke telefonov \u2013 Samsung, Apple, Huawei, Xiaomi, Oppo, OnePlus in druge. Uporabljamo originalne ali kakovostne nadomestne dele, da telefon [&hellip;]<\/p>\n","protected":false},"author":1,"featured_media":0,"parent":0,"menu_order":0,"comment_status":"closed","ping_status":"closed","template":"","meta":{"footnotes":""},"class_list":["post-87","page","type-page","status-publish","hentry"],"_links":{"self":[{"href":"https:\/\/pracek.si\/servis-telefonov\/wp-json\/wp\/v2\/pages\/87","targetHints":{"allow":["GET"]}}],"collection":[{"href":"https:\/\/pracek.si\/servis-telefonov\/wp-json\/wp\/v2\/pages"}],"about":[{"href":"https:\/\/pracek.si\/servis-telefonov\/wp-json\/wp\/v2\/types\/page"}],"author":[{"embeddable":true,"href":"https:\/\/pracek.si\/servis-telefonov\/wp-json\/wp\/v2\/users\/1"}],"replies":[{"embeddable":true,"href":"https:\/\/pracek.si\/servis-telefonov\/wp-json\/wp\/v2\/comments?post=87"}],"version-history":[{"count":2,"href":"https:\/\/pracek.si\/servis-telefonov\/wp-json\/wp\/v2\/pages\/87\/revisions"}],"predecessor-version":[{"id":206,"href":"https:\/\/pracek.si\/servis-telefonov\/wp-json\/wp\/v2\/pages\/87\/revisions\/206"}],"wp:attachment":[{"href":"https:\/\/pracek.si\/servis-telefonov\/wp-json\/wp\/v2\/media?parent=87"}],"curies":[{"name":"wp","href":"https:\/\/api.w.org\/{rel}","templated":true}]}}